CRAN Package Check Results for Package RWiener

Last updated on 2017-02-24 23:52:52.

Flavor Version Tinstall Tcheck Ttotal Status Flags
r-devel-linux-x86_64-debian-clang 1.3-1 1.50 27.35 28.85 OK
r-devel-linux-x86_64-debian-gcc 1.3-1 1.40 29.22 30.62 OK
r-devel-linux-x86_64-fedora-clang 1.3-1 40.88 OK --no-stop-on-test-error
r-devel-linux-x86_64-fedora-gcc 1.3-1 54.02 OK --no-stop-on-test-error
r-devel-macos-x86_64-clang 1.3-1 29.83 OK --no-stop-on-test-error
r-devel-windows-ix86+x86_64 1.3-1 26.00 153.00 179.00 OK
r-patched-linux-x86_64 1.2-0 1.27 8.82 10.09 NOTE
r-patched-solaris-sparc 1.3-1 310.50 OK
r-patched-solaris-x86 1.3-1 51.40 OK
r-release-linux-x86_64 1.3-1 1.27 26.20 27.47 OK
r-release-osx-x86_64-mavericks 1.3-1 OK
r-release-windows-ix86+x86_64 1.3-1 11.00 96.00 107.00 OK
r-oldrel-windows-ix86+x86_64 1.3-1 26.00 169.00 195.00 OK

Check Details

Version: 1.2-0
Check: R code for possible problems
Result: NOTE
    wiener_plot: no visible global function definition for ‘density’
    wiener_plot: no visible global function definition for ‘par’
    wiener_plot: no visible global function definition for ‘plot’
    wiener_plot: no visible global function definition for ‘rug’
    wiener_plot: no visible global function definition for ‘mtext’
    Undefined global functions or variables:
     density mtext par plot rug
    Consider adding
     importFrom("graphics", "mtext", "par", "plot", "rug")
     importFrom("stats", "density")
    to your NAMESPACE file.
Flavor: r-patched-linux-x86_64