CRAN Package Check Results for Package RapidPolygonLookup

Last updated on 2017-02-24 23:52:46.

Flavor Version Tinstall Tcheck Ttotal Status Flags
r-devel-linux-x86_64-debian-clang 0.1 1.36 41.27 42.63 NOTE
r-devel-linux-x86_64-debian-gcc 0.1 1.44 42.05 43.49 NOTE
r-devel-linux-x86_64-fedora-clang 0.1 77.11 NOTE --no-stop-on-test-error
r-devel-linux-x86_64-fedora-gcc 0.1 75.12 NOTE --no-stop-on-test-error
r-devel-macos-x86_64-clang 0.1 59.26 NOTE --no-stop-on-test-error
r-devel-windows-ix86+x86_64 0.1 13.00 103.00 116.00 NOTE
r-patched-linux-x86_64 0.1 1.15 36.67 37.82 NOTE
r-patched-solaris-sparc 0.1 427.00 NOTE
r-patched-solaris-x86 0.1 83.00 NOTE
r-release-linux-x86_64 0.1 1.16 37.08 38.23 NOTE
r-release-osx-x86_64-mavericks 0.1 NOTE
r-release-windows-ix86+x86_64 0.1 6.00 69.00 75.00 NOTE
r-oldrel-windows-ix86+x86_64 0.1 12.00 160.00 172.00 NOTE

Check Details

Version: 0.1
Check: R code for possible problems
Result: NOTE
    CropSpatialPolygonsDataFrame: no visible global function definition for
     ‘bbox’
    CropSpatialPolygonsDataFrame: no visible global function definition for
     ‘clipPolys’
    DiagnoseFailure: no visible global function definition for ‘points’
    Undefined global functions or variables:
     bbox clipPolys points
    Consider adding
     importFrom("graphics", "points")
    to your NAMESPACE file.
Flavors: r-devel-linux-x86_64-debian-clang, r-devel-linux-x86_64-debian-gcc, r-devel-windows-ix86+x86_64, r-patched-linux-x86_64, r-patched-solaris-sparc, r-patched-solaris-x86, r-release-linux-x86_64, r-release-osx-x86_64-mavericks, r-release-windows-ix86+x86_64

Version: 0.1
Flags: --no-stop-on-test-error
Check: R code for possible problems
Result: NOTE
    CropSpatialPolygonsDataFrame: no visible global function definition for
     ‘bbox’
    CropSpatialPolygonsDataFrame: no visible global function definition for
     ‘clipPolys’
    DiagnoseFailure: no visible global function definition for ‘points’
    Undefined global functions or variables:
     bbox clipPolys points
    Consider adding
     importFrom("graphics", "points")
    to your NAMESPACE file.
Flavors: r-devel-linux-x86_64-fedora-clang, r-devel-linux-x86_64-fedora-gcc, r-devel-macos-x86_64-clang

Version: 0.1
Check: R code for possible problems
Result: NOTE
    CropSpatialPolygonsDataFrame: no visible global function definition for
     'bbox'
    CropSpatialPolygonsDataFrame: no visible global function definition for
     'clipPolys'
Flavor: r-oldrel-windows-ix86+x86_64