Last updated on 2017-02-24 23:52:47.
Flavor | Version | Tinstall | Tcheck | Ttotal | Status | Flags |
---|---|---|---|---|---|---|
r-devel-linux-x86_64-debian-clang | 1.1-46 | 6.36 | 71.65 | 78.00 | OK | |
r-devel-linux-x86_64-debian-gcc | 1.1-46 | 6.34 | 73.84 | 80.18 | OK | |
r-devel-linux-x86_64-fedora-clang | 1.1-46 | 169.07 | OK | --no-stop-on-test-error | ||
r-devel-linux-x86_64-fedora-gcc | 1.1-46 | 166.71 | OK | --no-stop-on-test-error | ||
r-devel-macos-x86_64-clang | 1.1-46 | 132.19 | OK | --no-stop-on-test-error | ||
r-devel-windows-ix86+x86_64 | 1.1-46 | 49.00 | 182.00 | 231.00 | OK | |
r-patched-linux-x86_64 | 1.1-46 | 5.85 | 68.80 | 74.65 | OK | |
r-patched-solaris-sparc | 1.1-46 | 900.30 | OK | |||
r-patched-solaris-x86 | 1.1-46 | 212.60 | OK | |||
r-release-linux-x86_64 | 1.1-46 | 6.47 | 70.92 | 77.39 | OK | |
r-release-osx-x86_64-mavericks | 1.1-46 | WARN | ||||
r-release-windows-ix86+x86_64 | 1.1-46 | 47.00 | 210.00 | 257.00 | OK | |
r-oldrel-windows-ix86+x86_64 | 1.1-46 | 49.00 | 178.00 | 227.00 | OK |
Version: 1.1-46
Check: dependencies in R code
Result: NOTE
Invalid MIT-MAGIC-COOKIE-1 key
Flavor: r-release-osx-x86_64-mavericks
Version: 1.1-46
Check: S3 generic/method consistency
Result: WARN
Invalid MIT-MAGIC-COOKIE-1 key
See section ‘Generic functions and methods’ in the ‘Writing R
Extensions’ manual.
Flavor: r-release-osx-x86_64-mavericks
Version: 1.1-46
Check: replacement functions
Result: WARN
Invalid MIT-MAGIC-COOKIE-1 key
The argument of a replacement function which corresponds to the right
hand side must be named ‘value’.
Flavor: r-release-osx-x86_64-mavericks
Version: 1.1-46
Check: foreign function calls
Result: NOTE
Invalid MIT-MAGIC-COOKIE-1 key
See chapter ‘System and foreign language interfaces’ in the ‘Writing R
Extensions’ manual.
Flavor: r-release-osx-x86_64-mavericks
Version: 1.1-46
Check: R code for possible problems
Result: NOTE
Invalid MIT-MAGIC-COOKIE-1 key
Flavor: r-release-osx-x86_64-mavericks
Version: 1.1-46
Check: for missing documentation entries
Result: WARN
Invalid MIT-MAGIC-COOKIE-1 key
All user-level objects in a package should have documentation entries.
See chapter ‘Writing R documentation files’ in the ‘Writing R
Extensions’ manual.
Flavor: r-release-osx-x86_64-mavericks
Version: 1.1-46
Check: for code/documentation mismatches
Result: WARN
Invalid MIT-MAGIC-COOKIE-1 key
Invalid MIT-MAGIC-COOKIE-1 key
Invalid MIT-MAGIC-COOKIE-1 key
Flavor: r-release-osx-x86_64-mavericks
Version: 1.1-46
Check: Rd \usage sections
Result: NOTE
Invalid MIT-MAGIC-COOKIE-1 key
The \usage entries for S3 methods should use the \method markup and not
their full name.
See chapter ‘Writing R documentation files’ in the ‘Writing R
Extensions’ manual.
Flavor: r-release-osx-x86_64-mavericks