CRAN Package Check Results for Package RcppClassicExamples

Last updated on 2017-02-24 23:52:48.

Flavor Version Tinstall Tcheck Ttotal Status Flags
r-devel-linux-x86_64-debian-clang 0.1.1 22.50 13.61 36.11 NOTE
r-devel-linux-x86_64-debian-gcc 0.1.1 21.15 13.38 34.53 NOTE
r-devel-linux-x86_64-fedora-clang 0.1.1 73.72 NOTE --no-stop-on-test-error
r-devel-linux-x86_64-fedora-gcc 0.1.1 65.38 NOTE --no-stop-on-test-error
r-devel-macos-x86_64-clang 0.1.1 50.28 NOTE --no-stop-on-test-error
r-devel-windows-ix86+x86_64 0.1.1 158.00 68.00 226.00 NOTE
r-patched-linux-x86_64 0.1.1 17.64 11.93 29.56 NOTE
r-patched-solaris-sparc 0.1.1 320.10 NOTE
r-patched-solaris-x86 0.1.1 69.90 NOTE
r-release-linux-x86_64 0.1.1 17.99 11.75 29.74 NOTE
r-release-osx-x86_64-mavericks 0.1.1 NOTE
r-release-windows-ix86+x86_64 0.1.1 93.00 59.00 152.00 NOTE
r-oldrel-windows-ix86+x86_64 0.1.1 136.00 121.00 257.00 NOTE

Check Details

Version: 0.1.1
Check: dependencies in R code
Result: NOTE
    Packages in Depends field not imported from:
     ‘Rcpp’ ‘RcppClassic’
     These packages need to be imported from (in the NAMESPACE file)
     for when this namespace is loaded but not attached.
Flavors: r-devel-linux-x86_64-debian-clang, r-devel-linux-x86_64-debian-gcc, r-devel-windows-ix86+x86_64, r-patched-linux-x86_64, r-patched-solaris-sparc, r-patched-solaris-x86, r-release-linux-x86_64, r-release-osx-x86_64-mavericks, r-release-windows-ix86+x86_64, r-oldrel-windows-ix86+x86_64

Version: 0.1.1
Check: S3 generic/method consistency
Result: NOTE
    Found the following apparent S3 methods exported but not registered:
     print.RcppExample
    See section ‘Registering S3 methods’ in the ‘Writing R Extensions’
    manual.
Flavors: r-devel-linux-x86_64-debian-clang, r-devel-linux-x86_64-debian-gcc, r-patched-linux-x86_64, r-patched-solaris-sparc, r-patched-solaris-x86, r-release-linux-x86_64

Version: 0.1.1
Check: compiled code
Result: NOTE
    File ‘RcppClassicExamples/libs/RcppClassicExamples.so’:
     Found no calls to: ‘R_registerRoutines’, ‘R_useDynamicSymbols’
    
    It is good practice to register native routines and to disable symbol
    search.
    
    See ‘Writing portable packages’ in the ‘Writing R Extensions’ manual.
Flavors: r-devel-linux-x86_64-debian-clang, r-devel-linux-x86_64-debian-gcc

Version: 0.1.1
Flags: --no-stop-on-test-error
Check: dependencies in R code
Result: NOTE
    Packages in Depends field not imported from:
     ‘Rcpp’ ‘RcppClassic’
     These packages need to be imported from (in the NAMESPACE file)
     for when this namespace is loaded but not attached.
Flavors: r-devel-linux-x86_64-fedora-clang, r-devel-linux-x86_64-fedora-gcc, r-devel-macos-x86_64-clang

Version: 0.1.1
Flags: --no-stop-on-test-error
Check: S3 generic/method consistency
Result: NOTE
    Found the following apparent S3 methods exported but not registered:
     print.RcppExample
    See section ‘Registering S3 methods’ in the ‘Writing R Extensions’
    manual.
Flavors: r-devel-linux-x86_64-fedora-clang, r-devel-linux-x86_64-fedora-gcc, r-devel-macos-x86_64-clang

Version: 0.1.1
Flags: --no-stop-on-test-error
Check: compiled code
Result: NOTE
    File ‘RcppClassicExamples/libs/RcppClassicExamples.so’:
     Found no calls to: ‘R_registerRoutines’, ‘R_useDynamicSymbols’
    
    It is good practice to register native routines and to disable symbol
    search.
    
    See ‘Writing portable packages’ in the ‘Writing R Extensions’ manual.
Flavors: r-devel-linux-x86_64-fedora-clang, r-devel-linux-x86_64-fedora-gcc, r-devel-macos-x86_64-clang