CRAN Package Check Results for Package RcppNumerical

Last updated on 2017-02-24 23:52:48.

Flavor Version Tinstall Tcheck Ttotal Status Flags
r-devel-linux-x86_64-debian-clang 0.3-1 21.18 60.40 81.58 NOTE
r-devel-linux-x86_64-debian-gcc 0.3-1 24.37 65.55 89.92 NOTE
r-devel-linux-x86_64-fedora-clang 0.3-1 158.80 NOTE --no-stop-on-test-error
r-devel-linux-x86_64-fedora-gcc 0.3-1 171.29 NOTE --no-stop-on-test-error
r-devel-macos-x86_64-clang 0.3-1 107.88 NOTE --no-stop-on-test-error
r-devel-windows-ix86+x86_64 0.3-1 107.00 160.00 267.00 OK
r-patched-linux-x86_64 0.3-1 20.42 55.11 75.53 OK
r-patched-solaris-sparc 0.3-1 517.50 WARN
r-patched-solaris-x86 0.3-1 143.00 OK
r-release-linux-x86_64 0.3-1 20.41 56.49 76.90 OK
r-release-osx-x86_64-mavericks 0.3-1 NOTE
r-release-windows-ix86+x86_64 0.3-1 78.00 157.00 235.00 OK
r-oldrel-windows-ix86+x86_64 0.3-1 73.00 136.00 209.00 OK

Check Details

Version: 0.3-1
Check: compiled code
Result: NOTE
    File ‘RcppNumerical/libs/RcppNumerical.so’:
     Found no calls to: ‘R_registerRoutines’, ‘R_useDynamicSymbols’
    
    It is good practice to register native routines and to disable symbol
    search.
    
    See ‘Writing portable packages’ in the ‘Writing R Extensions’ manual.
Flavors: r-devel-linux-x86_64-debian-clang, r-devel-linux-x86_64-debian-gcc

Version: 0.3-1
Flags: --no-stop-on-test-error
Check: installed package size
Result: NOTE
     installed size is 6.3Mb
     sub-directories of 1Mb or more:
     libs 5.8Mb
Flavors: r-devel-linux-x86_64-fedora-clang, r-devel-linux-x86_64-fedora-gcc

Version: 0.3-1
Flags: --no-stop-on-test-error
Check: compiled code
Result: NOTE
    File ‘RcppNumerical/libs/RcppNumerical.so’:
     Found no calls to: ‘R_registerRoutines’, ‘R_useDynamicSymbols’
    
    It is good practice to register native routines and to disable symbol
    search.
    
    See ‘Writing portable packages’ in the ‘Writing R Extensions’ manual.
Flavors: r-devel-linux-x86_64-fedora-clang, r-devel-linux-x86_64-fedora-gcc, r-devel-macos-x86_64-clang

Version: 0.3-1
Check: re-building of vignette outputs
Result: WARN
    Error in re-building vignettes:
     ...
    Warning in engine$weave(file, quiet = quiet, encoding = enc) :
     Pandoc (>= 1.12.3) and/or pandoc-citeproc not available. Falling back to R Markdown v1.
    
     *** caught bus error ***
    address 3d09cac, cause 'invalid alignment'
    
    Traceback:
     1: .Primitive(".Call")(<pointer: f8b170e0>)
     2: integrate_test2()
     3: eval(expr, envir, enclos)
     4: eval(expr, envir, enclos)
     5: withVisible(eval(expr, envir, enclos))
     6: withCallingHandlers(withVisible(eval(expr, envir, enclos)), warning = wHandler, error = eHandler, message = mHandler)
     7: handle(ev <- withCallingHandlers(withVisible(eval(expr, envir, enclos)), warning = wHandler, error = eHandler, message = mHandler))
     8: timing_fn(handle(ev <- withCallingHandlers(withVisible(eval(expr, envir, enclos)), warning = wHandler, error = eHandler, message = mHandler)))
     9: evaluate_call(expr, parsed$src[[i]], envir = envir, enclos = enclos, debug = debug, last = i == length(out), use_try = stop_on_error != 2L, keep_warning = keep_warning, keep_message = keep_message, output_handler = output_handler, include_timing = include_timing)
    10: evaluate(code, envir = env, new_device = FALSE, keep_warning = !isFALSE(options$warning), keep_message = !isFALSE(options$message), stop_on_error = if (options$error && options$include) 0L else 2L, output_handler = knit_handlers(options$render, options))
    11: in_dir(input_dir(), evaluate(code, envir = env, new_device = FALSE, keep_warning = !isFALSE(options$warning), keep_message = !isFALSE(options$message), stop_on_error = if (options$error && options$include) 0L else 2L, output_handler = knit_handlers(options$render, options)))
    12: block_exec(params)
    13: call_block(x)
    14: process_group.block(group)
    15: process_group(group)
    16: withCallingHandlers(if (tangle) process_tangle(group) else process_group(group), error = function(e) { setwd(wd) cat(res, sep = "\n", file = output %n% "") message("Quitting from lines ", paste(current_lines(i), collapse = "-"), " (", knit_concord$get("infile"), ") ") })
    17: process_file(text, output)
    18: knit(input, text = text, envir = envir, encoding = encoding, quiet = quiet)
    19: knit2html(..., force_v1 = TRUE)
    20: (if (grepl("\\.[Rr]md$", file)) knit2html_v1 else if (grepl("\\.[Rr]rst$", file)) knit2pdf else knit)(file, encoding = encoding, quiet = quiet, envir = globalenv())
    21: vweave(...)
    22: engine$weave(file, quiet = quiet, encoding = enc)
    23: doTryCatch(return(expr), name, parentenv, handler)
    24: tryCatchOne(expr, names, parentenv, handlers[[1L]])
    25: tryCatchList(expr, classes, parentenv, handlers)
    26: tryCatch({ engine$weave(file, quiet = quiet, encoding = enc) setwd(startdir) find_vignette_product(name, by = "weave", engine = engine)}, error = function(e) { stop(gettextf("processing vignette '%s' failed with diagnostics:\n%s", file, conditionMessage(e)), domain = NA, call. = FALSE)})
    27: buildVignettes(dir = "/home/ripley/R/packages/tests32/RcppNumerical.Rcheck/vign_test/RcppNumerical")
    An irrecoverable exception occurred. R is aborting now ...
Flavor: r-patched-solaris-sparc

Version: 0.3-1
Check: installed package size
Result: NOTE
     installed size is 6.2Mb
     sub-directories of 1Mb or more:
     libs 5.8Mb
Flavor: r-release-osx-x86_64-mavericks