Last updated on 2017-02-24 23:52:50.
Flavor | Version | Tinstall | Tcheck | Ttotal | Status | Flags |
---|---|---|---|---|---|---|
r-devel-linux-x86_64-debian-clang | 2.1.1 | 0.66 | 28.08 | 28.74 | OK | |
r-devel-linux-x86_64-debian-gcc | 2.1.1 | 0.76 | 28.18 | 28.95 | OK | |
r-devel-linux-x86_64-fedora-clang | 2.1.1 | 55.05 | NOTE | --no-stop-on-test-error | ||
r-devel-linux-x86_64-fedora-gcc | 2.1.1 | 52.20 | NOTE | --no-stop-on-test-error | ||
r-devel-macos-x86_64-clang | 2.1.1 | 45.54 | NOTE | --no-stop-on-test-error | ||
r-devel-windows-ix86+x86_64 | 2.1.1 | 7.00 | 53.00 | 60.00 | OK | |
r-patched-linux-x86_64 | 2.1.1 | 0.59 | 27.76 | 28.35 | OK | |
r-patched-solaris-sparc | 2.1.1 | 397.80 | NOTE | |||
r-patched-solaris-x86 | 2.1.1 | 66.20 | NOTE | |||
r-release-linux-x86_64 | 2.1.1 | 0.69 | 27.66 | 28.35 | OK | |
r-release-osx-x86_64-mavericks | 2.1.1 | NOTE | ||||
r-release-windows-ix86+x86_64 | 2.1.1 | 5.00 | 88.00 | 93.00 | OK | |
r-oldrel-windows-ix86+x86_64 | 2.1.1 | 5.00 | 105.00 | 110.00 | NOTE |
Version: 2.1.1
Flags: --no-stop-on-test-error
Check: dependencies in R code
Result: NOTE
Namespace in Imports field not imported from: ‘MASS’
All declared Imports should be used.
Flavors: r-devel-linux-x86_64-fedora-clang, r-devel-linux-x86_64-fedora-gcc, r-devel-macos-x86_64-clang
Version: 2.1.1
Check: dependencies in R code
Result: NOTE
Namespace in Imports field not imported from: ‘MASS’
All declared Imports should be used.
Flavors: r-patched-solaris-sparc, r-patched-solaris-x86, r-release-osx-x86_64-mavericks, r-oldrel-windows-ix86+x86_64