Last updated on 2017-02-24 23:52:54.
Flavor | Version | Tinstall | Tcheck | Ttotal | Status | Flags |
---|---|---|---|---|---|---|
r-devel-linux-x86_64-debian-clang | 0.02 | 0.93 | 14.49 | 15.43 | NOTE | |
r-devel-linux-x86_64-debian-gcc | 0.02 | 0.85 | 14.34 | 15.19 | NOTE | |
r-devel-linux-x86_64-fedora-clang | 0.02 | 26.05 | NOTE | --no-stop-on-test-error | ||
r-devel-linux-x86_64-fedora-gcc | 0.02 | 26.11 | NOTE | --no-stop-on-test-error | ||
r-devel-macos-x86_64-clang | 0.02 | 24.04 | NOTE | --no-stop-on-test-error | ||
r-devel-windows-ix86+x86_64 | 0.02 | 11.00 | 50.00 | 61.00 | NOTE | |
r-patched-linux-x86_64 | 0.02 | 0.84 | 12.22 | 13.06 | NOTE | |
r-patched-solaris-sparc | 0.02 | 143.80 | NOTE | |||
r-patched-solaris-x86 | 0.02 | 31.60 | NOTE | |||
r-release-linux-x86_64 | 0.02 | 0.84 | 12.06 | 12.90 | NOTE | |
r-release-osx-x86_64-mavericks | 0.02 | NOTE | ||||
r-release-windows-ix86+x86_64 | 0.02 | 6.00 | 46.00 | 52.00 | NOTE | |
r-oldrel-windows-ix86+x86_64 | 0.02 | 9.00 | 66.00 | 75.00 | NOTE |
Version: 0.02
Check: dependencies in R code
Result: NOTE
'library' or 'require' calls in package code:
‘MASS’ ‘survival’
Please use :: or requireNamespace() instead.
See section 'Suggested packages' in the 'Writing R Extensions' manual.
Flavors: r-devel-linux-x86_64-debian-clang, r-devel-linux-x86_64-debian-gcc, r-devel-windows-ix86+x86_64, r-patched-linux-x86_64, r-patched-solaris-sparc, r-patched-solaris-x86, r-release-linux-x86_64, r-release-osx-x86_64-mavericks, r-release-windows-ix86+x86_64, r-oldrel-windows-ix86+x86_64
Version: 0.02
Check: S3 generic/method consistency
Result: NOTE
Found the following apparent S3 methods exported but not registered:
disparity.glm disparity.lm summary.treg
See section ‘Registering S3 methods’ in the ‘Writing R Extensions’
manual.
Flavors: r-devel-linux-x86_64-debian-clang, r-devel-linux-x86_64-debian-gcc, r-patched-linux-x86_64, r-patched-solaris-sparc, r-patched-solaris-x86, r-release-linux-x86_64
Version: 0.02
Check: R code for possible problems
Result: NOTE
NPL.bands: no visible global function definition for ‘pbeta’
NPL.bands: no visible global function definition for ‘qbeta’
R2: no visible global function definition for ‘fitted’
R2: no visible global function definition for ‘residuals’
R2: no visible global function definition for ‘cor’
R2CV: no visible global function definition for ‘fitted’
R2CV: no visible global function definition for ‘residuals’
R2CV: no visible global function definition for ‘influence’
R2CV: no visible global function definition for ‘cor’
Rsq: no visible global function definition for ‘cor’
Rsq: no visible global function definition for ‘fitted’
coxph.disparity: no visible global function definition for ‘basehaz’
disparity.glm : <anonymous>: no visible global function definition for
‘resid’
disparity.glm : <anonymous>: no visible global function definition for
‘dnorm’
disparity.glm : <anonymous>: no visible global function definition for
‘fitted’
disparity.glm : <anonymous>: no visible global function definition for
‘dbinom’
disparity.glm : <anonymous>: no visible global function definition for
‘gamma.shape’
disparity.glm : <anonymous>: no visible global function definition for
‘dgamma’
disparity.lm: no visible global function definition for ‘resid’
summary.treg: no visible global function definition for ‘pt’
summary.treg: no visible global function definition for ‘coef’
treg: no visible global function definition for ‘model.matrix’
treg: no visible global function definition for ‘resid’
treg: no visible global function definition for ‘lm.wfit’
treg: no visible global function definition for ‘coef’
Undefined global functions or variables:
basehaz coef cor dbinom dgamma dnorm fitted gamma.shape influence
lm.wfit model.matrix pbeta pt qbeta resid residuals
Consider adding
importFrom("stats", "coef", "cor", "dbinom", "dgamma", "dnorm",
"fitted", "influence", "lm.wfit", "model.matrix", "pbeta",
"pt", "qbeta", "resid", "residuals")
to your NAMESPACE file.
Flavors: r-devel-linux-x86_64-debian-clang, r-devel-linux-x86_64-debian-gcc, r-devel-windows-ix86+x86_64, r-patched-linux-x86_64, r-patched-solaris-sparc, r-patched-solaris-x86, r-release-linux-x86_64, r-release-osx-x86_64-mavericks, r-release-windows-ix86+x86_64
Version: 0.02
Flags: --no-stop-on-test-error
Check: dependencies in R code
Result: NOTE
'library' or 'require' calls in package code:
‘MASS’ ‘survival’
Please use :: or requireNamespace() instead.
See section 'Suggested packages' in the 'Writing R Extensions' manual.
Flavors: r-devel-linux-x86_64-fedora-clang, r-devel-linux-x86_64-fedora-gcc, r-devel-macos-x86_64-clang
Version: 0.02
Flags: --no-stop-on-test-error
Check: S3 generic/method consistency
Result: NOTE
Found the following apparent S3 methods exported but not registered:
disparity.glm disparity.lm summary.treg
See section ‘Registering S3 methods’ in the ‘Writing R Extensions’
manual.
Flavors: r-devel-linux-x86_64-fedora-clang, r-devel-linux-x86_64-fedora-gcc, r-devel-macos-x86_64-clang
Version: 0.02
Flags: --no-stop-on-test-error
Check: R code for possible problems
Result: NOTE
NPL.bands: no visible global function definition for ‘pbeta’
NPL.bands: no visible global function definition for ‘qbeta’
R2: no visible global function definition for ‘fitted’
R2: no visible global function definition for ‘residuals’
R2: no visible global function definition for ‘cor’
R2CV: no visible global function definition for ‘fitted’
R2CV: no visible global function definition for ‘residuals’
R2CV: no visible global function definition for ‘influence’
R2CV: no visible global function definition for ‘cor’
Rsq: no visible global function definition for ‘cor’
Rsq: no visible global function definition for ‘fitted’
coxph.disparity: no visible global function definition for ‘basehaz’
disparity.glm : <anonymous>: no visible global function definition for
‘resid’
disparity.glm : <anonymous>: no visible global function definition for
‘dnorm’
disparity.glm : <anonymous>: no visible global function definition for
‘fitted’
disparity.glm : <anonymous>: no visible global function definition for
‘dbinom’
disparity.glm : <anonymous>: no visible global function definition for
‘gamma.shape’
disparity.glm : <anonymous>: no visible global function definition for
‘dgamma’
disparity.lm: no visible global function definition for ‘resid’
summary.treg: no visible global function definition for ‘pt’
summary.treg: no visible global function definition for ‘coef’
treg: no visible global function definition for ‘model.matrix’
treg: no visible global function definition for ‘resid’
treg: no visible global function definition for ‘lm.wfit’
treg: no visible global function definition for ‘coef’
Undefined global functions or variables:
basehaz coef cor dbinom dgamma dnorm fitted gamma.shape influence
lm.wfit model.matrix pbeta pt qbeta resid residuals
Consider adding
importFrom("stats", "coef", "cor", "dbinom", "dgamma", "dnorm",
"fitted", "influence", "lm.wfit", "model.matrix", "pbeta",
"pt", "qbeta", "resid", "residuals")
to your NAMESPACE file.
Flavors: r-devel-linux-x86_64-fedora-clang, r-devel-linux-x86_64-fedora-gcc, r-devel-macos-x86_64-clang
Version: 0.02
Check: R code for possible problems
Result: NOTE
coxph.disparity: no visible global function definition for 'basehaz'
disparity.glm : <anonymous>: no visible global function definition for
'gamma.shape'
Flavor: r-oldrel-windows-ix86+x86_64