CRAN Package Check Results for Package SelvarMix

Last updated on 2017-02-24 23:52:53.

Flavor Version Tinstall Tcheck Ttotal Status Flags
r-devel-linux-x86_64-debian-clang 1.2 62.02 18.24 80.26 NOTE
r-devel-linux-x86_64-debian-gcc 1.2 71.41 18.79 90.20 NOTE
r-devel-linux-x86_64-fedora-clang 1.2 166.14 NOTE --no-stop-on-test-error
r-devel-linux-x86_64-fedora-gcc 1.2 169.33 NOTE --no-stop-on-test-error
r-devel-macos-x86_64-clang 1.2 106.30 NOTE --no-stop-on-test-error
r-devel-windows-ix86+x86_64 1.2 360.00 81.00 441.00 OK
r-patched-linux-x86_64 1.2 55.49 16.17 71.66 OK
r-patched-solaris-sparc 1.2 796.60 OK
r-patched-solaris-x86 1.2 157.00 OK
r-release-linux-x86_64 1.2 55.60 16.16 71.75 OK
r-release-osx-x86_64-mavericks 1.2 OK
r-release-windows-ix86+x86_64 1.2 261.00 71.00 332.00 OK
r-oldrel-windows-ix86+x86_64 1.2 267.00 104.00 371.00 OK

Check Details

Version: 1.2
Check: compiled code
Result: NOTE
    File ‘SelvarMix/libs/SelvarMix.so’:
     Found no calls to: ‘R_registerRoutines’, ‘R_useDynamicSymbols’
    
    It is good practice to register native routines and to disable symbol
    search.
    
    See ‘Writing portable packages’ in the ‘Writing R Extensions’ manual.
Flavors: r-devel-linux-x86_64-debian-clang, r-devel-linux-x86_64-debian-gcc

Version: 1.2
Flags: --no-stop-on-test-error
Check: compiled code
Result: NOTE
    File ‘SelvarMix/libs/SelvarMix.so’:
     Found no calls to: ‘R_registerRoutines’, ‘R_useDynamicSymbols’
    
    It is good practice to register native routines and to disable symbol
    search.
    
    See ‘Writing portable packages’ in the ‘Writing R Extensions’ manual.
Flavors: r-devel-linux-x86_64-fedora-clang, r-devel-linux-x86_64-fedora-gcc, r-devel-macos-x86_64-clang

Version: 1.2
Flags: --no-stop-on-test-error
Check: installed package size
Result: NOTE
     installed size is 6.6Mb
     sub-directories of 1Mb or more:
     libs 6.4Mb
Flavor: r-devel-linux-x86_64-fedora-gcc