Last updated on 2017-02-24 23:52:54.
Flavor | Version | Tinstall | Tcheck | Ttotal | Status | Flags |
---|---|---|---|---|---|---|
r-devel-linux-x86_64-debian-clang | 0.9.1 | 3.94 | 37.16 | 41.11 | NOTE | |
r-devel-linux-x86_64-debian-gcc | 0.9.1 | 3.86 | 36.03 | 39.89 | NOTE | |
r-devel-linux-x86_64-fedora-clang | 0.9.1 | 77.13 | NOTE | --no-stop-on-test-error | ||
r-devel-linux-x86_64-fedora-gcc | 0.9.1 | 75.01 | NOTE | --no-stop-on-test-error | ||
r-devel-macos-x86_64-clang | 0.9.1 | 59.49 | NOTE | --no-stop-on-test-error | ||
r-devel-windows-ix86+x86_64 | 0.9.1 | 31.00 | 118.00 | 149.00 | OK | |
r-patched-linux-x86_64 | 0.9.1 | 3.42 | 33.10 | 36.51 | OK | |
r-patched-solaris-sparc | 0.9.1 | 444.80 | OK | |||
r-patched-solaris-x86 | 0.9.1 | 102.40 | OK | |||
r-release-linux-x86_64 | 0.9.1 | 3.71 | 32.29 | 36.00 | OK | |
r-release-osx-x86_64-mavericks | 0.9.1 | OK | ||||
r-release-windows-ix86+x86_64 | 0.9.1 | 19.00 | 92.00 | 111.00 | OK | |
r-oldrel-windows-ix86+x86_64 | 0.9.1 | 18.00 | 132.00 | 150.00 | OK |
Version: 0.9.1
Check: compiled code
Result: NOTE
File ‘SiMRiv/libs/SiMRiv.so’:
Found no calls to: ‘R_registerRoutines’, ‘R_useDynamicSymbols’
It is good practice to register native routines and to disable symbol
search.
See ‘Writing portable packages’ in the ‘Writing R Extensions’ manual.
Flavors: r-devel-linux-x86_64-debian-clang, r-devel-linux-x86_64-debian-gcc
Version: 0.9.1
Flags: --no-stop-on-test-error
Check: compiled code
Result: NOTE
File ‘SiMRiv/libs/SiMRiv.so’:
Found no calls to: ‘R_registerRoutines’, ‘R_useDynamicSymbols’
It is good practice to register native routines and to disable symbol
search.
See ‘Writing portable packages’ in the ‘Writing R Extensions’ manual.
Flavors: r-devel-linux-x86_64-fedora-clang, r-devel-linux-x86_64-fedora-gcc, r-devel-macos-x86_64-clang