Last updated on 2017-02-24 23:52:54.
Flavor | Version | Tinstall | Tcheck | Ttotal | Status | Flags |
---|---|---|---|---|---|---|
r-devel-linux-x86_64-debian-clang | 2.2 | 2.58 | 73.16 | 75.75 | NOTE | |
r-devel-linux-x86_64-debian-gcc | 2.2 | 2.80 | 72.87 | 75.67 | NOTE | |
r-devel-linux-x86_64-fedora-clang | 2.2 | 168.03 | NOTE | --no-stop-on-test-error | ||
r-devel-linux-x86_64-fedora-gcc | 2.2 | 164.65 | NOTE | --no-stop-on-test-error | ||
r-devel-macos-x86_64-clang | 2.2 | 103.13 | NOTE | --no-stop-on-test-error | ||
r-devel-windows-ix86+x86_64 | 2.2 | 12.00 | 150.00 | 162.00 | NOTE | |
r-patched-linux-x86_64 | 2.2 | 2.47 | 67.16 | 69.63 | NOTE | |
r-patched-solaris-sparc | 2.2 | 865.90 | NOTE | |||
r-patched-solaris-x86 | 2.2 | 166.50 | NOTE | |||
r-release-linux-x86_64 | 2.2 | 2.57 | 67.07 | 69.64 | NOTE | |
r-release-osx-x86_64-mavericks | 2.2 | NOTE | ||||
r-release-windows-ix86+x86_64 | 2.2 | 9.00 | 149.00 | 158.00 | NOTE | |
r-oldrel-windows-ix86+x86_64 | 2.2 | 12.00 | 178.00 | 190.00 | OK |
Version: 2.2
Check: R code for possible problems
Result: NOTE
SimCiDiffHet: no visible global function definition for ‘var’
SimCiDiffHet: no visible global function definition for ‘cov’
SimCiDiffHet: no visible global function definition for ‘cov2cor’
SimCiDiffHet: no visible global function definition for ‘qt’
SimCiDiffHom: no visible global function definition for ‘cov’
SimCiDiffHom: no visible global function definition for ‘cov2cor’
SimCiDiffHom: no visible global function definition for ‘qt’
SimCiRatHet: no visible global function definition for ‘var’
SimCiRatHet: no visible global function definition for ‘cov’
SimCiRatHet: no visible global function definition for ‘cov2cor’
SimCiRatHet: no visible global function definition for ‘qt’
SimCiRatHom: no visible global function definition for ‘cov’
SimCiRatHom: no visible global function definition for ‘cov2cor’
SimCiRatHom: no visible global function definition for ‘qt’
SimTestDiffHet: no visible global function definition for ‘var’
SimTestDiffHet: no visible global function definition for ‘cov’
SimTestDiffHet: no visible global function definition for ‘cov2cor’
SimTestDiffHet: no visible global function definition for ‘pt’
SimTestDiffHom: no visible global function definition for ‘cov’
SimTestDiffHom: no visible global function definition for ‘cov2cor’
SimTestDiffHom: no visible global function definition for ‘pt’
SimTestRatHet: no visible global function definition for ‘var’
SimTestRatHet: no visible global function definition for ‘cov’
SimTestRatHet: no visible global function definition for ‘cov2cor’
SimTestRatHet: no visible global function definition for ‘pt’
SimTestRatHom: no visible global function definition for ‘cov’
SimTestRatHom: no visible global function definition for ‘cov2cor’
SimTestRatHom: no visible global function definition for ‘pt’
plot.SimCi: no visible global function definition for ‘par’
plot.SimCi: no visible global function definition for ‘plot’
plot.SimCi: no visible global function definition for ‘axis’
plot.SimCi: no visible global function definition for ‘abline’
plot.SimCi: no visible global function definition for ‘segments’
plot.SimCi: no visible global function definition for ‘points’
plot.SimCi: no visible global function definition for ‘title’
plot.SimCi: no visible global function definition for ‘box’
Undefined global functions or variables:
abline axis box cov cov2cor par plot points pt qt segments title var
Consider adding
importFrom("graphics", "abline", "axis", "box", "par", "plot",
"points", "segments", "title")
importFrom("stats", "cov", "cov2cor", "pt", "qt", "var")
to your NAMESPACE file.
Flavors: r-devel-linux-x86_64-debian-clang, r-devel-linux-x86_64-debian-gcc, r-devel-windows-ix86+x86_64, r-patched-linux-x86_64, r-patched-solaris-sparc, r-patched-solaris-x86, r-release-linux-x86_64, r-release-osx-x86_64-mavericks, r-release-windows-ix86+x86_64
Version: 2.2
Flags: --no-stop-on-test-error
Check: R code for possible problems
Result: NOTE
SimCiDiffHet: no visible global function definition for ‘var’
SimCiDiffHet: no visible global function definition for ‘cov’
SimCiDiffHet: no visible global function definition for ‘cov2cor’
SimCiDiffHet: no visible global function definition for ‘qt’
SimCiDiffHom: no visible global function definition for ‘cov’
SimCiDiffHom: no visible global function definition for ‘cov2cor’
SimCiDiffHom: no visible global function definition for ‘qt’
SimCiRatHet: no visible global function definition for ‘var’
SimCiRatHet: no visible global function definition for ‘cov’
SimCiRatHet: no visible global function definition for ‘cov2cor’
SimCiRatHet: no visible global function definition for ‘qt’
SimCiRatHom: no visible global function definition for ‘cov’
SimCiRatHom: no visible global function definition for ‘cov2cor’
SimCiRatHom: no visible global function definition for ‘qt’
SimTestDiffHet: no visible global function definition for ‘var’
SimTestDiffHet: no visible global function definition for ‘cov’
SimTestDiffHet: no visible global function definition for ‘cov2cor’
SimTestDiffHet: no visible global function definition for ‘pt’
SimTestDiffHom: no visible global function definition for ‘cov’
SimTestDiffHom: no visible global function definition for ‘cov2cor’
SimTestDiffHom: no visible global function definition for ‘pt’
SimTestRatHet: no visible global function definition for ‘var’
SimTestRatHet: no visible global function definition for ‘cov’
SimTestRatHet: no visible global function definition for ‘cov2cor’
SimTestRatHet: no visible global function definition for ‘pt’
SimTestRatHom: no visible global function definition for ‘cov’
SimTestRatHom: no visible global function definition for ‘cov2cor’
SimTestRatHom: no visible global function definition for ‘pt’
plot.SimCi: no visible global function definition for ‘par’
plot.SimCi: no visible global function definition for ‘plot’
plot.SimCi: no visible global function definition for ‘axis’
plot.SimCi: no visible global function definition for ‘abline’
plot.SimCi: no visible global function definition for ‘segments’
plot.SimCi: no visible global function definition for ‘points’
plot.SimCi: no visible global function definition for ‘title’
plot.SimCi: no visible global function definition for ‘box’
Undefined global functions or variables:
abline axis box cov cov2cor par plot points pt qt segments title var
Consider adding
importFrom("graphics", "abline", "axis", "box", "par", "plot",
"points", "segments", "title")
importFrom("stats", "cov", "cov2cor", "pt", "qt", "var")
to your NAMESPACE file.
Flavors: r-devel-linux-x86_64-fedora-clang, r-devel-linux-x86_64-fedora-gcc, r-devel-macos-x86_64-clang