Last updated on 2017-02-24 23:52:55.
Flavor | Version | Tinstall | Tcheck | Ttotal | Status | Flags |
---|---|---|---|---|---|---|
r-devel-linux-x86_64-debian-clang | 2.5 | 2.94 | 44.13 | 47.06 | NOTE | |
r-devel-linux-x86_64-debian-gcc | 2.5 | 2.76 | 43.07 | 45.83 | NOTE | |
r-devel-linux-x86_64-fedora-clang | 2.5 | 98.02 | NOTE | --no-stop-on-test-error | ||
r-devel-linux-x86_64-fedora-gcc | 2.5 | 96.70 | NOTE | --no-stop-on-test-error | ||
r-devel-macos-x86_64-clang | 2.5 | 74.45 | NOTE | --no-stop-on-test-error | ||
r-devel-windows-ix86+x86_64 | 2.5 | 26.00 | 96.00 | 122.00 | OK | |
r-patched-linux-x86_64 | 2.5 | 2.84 | 37.77 | 40.61 | OK | |
r-patched-solaris-sparc | 2.5 | 510.00 | OK | |||
r-patched-solaris-x86 | 2.5 | 122.20 | OK | |||
r-release-linux-x86_64 | 2.5 | 2.61 | 37.86 | 40.47 | OK | |
r-release-osx-x86_64-mavericks | 2.5 | OK | ||||
r-release-windows-ix86+x86_64 | 2.5 | 14.00 | 113.00 | 127.00 | OK | |
r-oldrel-windows-ix86+x86_64 | 2.2 | 9.00 | 124.00 | 133.00 | OK |
Version: 2.5
Check: compiled code
Result: NOTE
File ‘SparseTSCGM/libs/SparseTSCGM.so’:
Found no calls to: ‘R_registerRoutines’, ‘R_useDynamicSymbols’
It is good practice to register native routines and to disable symbol
search.
See ‘Writing portable packages’ in the ‘Writing R Extensions’ manual.
Flavors: r-devel-linux-x86_64-debian-clang, r-devel-linux-x86_64-debian-gcc
Version: 2.5
Flags: --no-stop-on-test-error
Check: compiled code
Result: NOTE
File ‘SparseTSCGM/libs/SparseTSCGM.so’:
Found no calls to: ‘R_registerRoutines’, ‘R_useDynamicSymbols’
It is good practice to register native routines and to disable symbol
search.
See ‘Writing portable packages’ in the ‘Writing R Extensions’ manual.
Flavors: r-devel-linux-x86_64-fedora-clang, r-devel-linux-x86_64-fedora-gcc, r-devel-macos-x86_64-clang