CRAN Package Check Results for Package SpatMCA

Last updated on 2017-02-24 23:52:56.

Flavor Version Tinstall Tcheck Ttotal Status Flags
r-devel-linux-x86_64-debian-clang 1.0.0.1 24.56 22.52 47.07 NOTE
r-devel-linux-x86_64-debian-gcc 1.0.0.1 22.38 22.76 45.14 NOTE
r-devel-linux-x86_64-fedora-clang 1.0.0.1 95.90 NOTE --no-stop-on-test-error
r-devel-linux-x86_64-fedora-gcc 1.0.0.1 88.08 NOTE --no-stop-on-test-error
r-devel-macos-x86_64-clang 1.0.0.1 69.81 NOTE --no-stop-on-test-error
r-devel-windows-ix86+x86_64 1.0.0.1 119.00 65.00 184.00 WARN
r-patched-linux-x86_64 1.0.0.1 18.80 21.11 39.91 NOTE
r-patched-solaris-sparc 1.0.0.1 457.60 NOTE
r-patched-solaris-x86 1.0.0.1 103.70 NOTE
r-release-linux-x86_64 1.0.0.1 19.61 21.47 41.08 NOTE
r-release-osx-x86_64-mavericks 1.0.0.1 NOTE
r-release-windows-ix86+x86_64 1.0.0.1 95.00 86.00 181.00 NOTE
r-oldrel-windows-ix86+x86_64 1.0.0.1 82.00 125.00 207.00 NOTE

Memtest notes: clang-UBSAN

Check Details

Version: 1.0.0.1
Check: for GNU extensions in Makefiles
Result: NOTE
    GNU make is a SystemRequirements.
Flavors: r-devel-linux-x86_64-debian-clang, r-devel-linux-x86_64-debian-gcc, r-devel-windows-ix86+x86_64, r-patched-linux-x86_64, r-patched-solaris-sparc, r-patched-solaris-x86, r-release-linux-x86_64, r-release-osx-x86_64-mavericks, r-release-windows-ix86+x86_64, r-oldrel-windows-ix86+x86_64

Version: 1.0.0.1
Check: compiled code
Result: NOTE
    File ‘SpatMCA/libs/SpatMCA.so’:
     Found no calls to: ‘R_registerRoutines’, ‘R_useDynamicSymbols’
    
    It is good practice to register native routines and to disable symbol
    search.
    
    See ‘Writing portable packages’ in the ‘Writing R Extensions’ manual.
Flavors: r-devel-linux-x86_64-debian-clang, r-devel-linux-x86_64-debian-gcc

Version: 1.0.0.1
Flags: --no-stop-on-test-error
Check: for GNU extensions in Makefiles
Result: NOTE
    GNU make is a SystemRequirements.
Flavors: r-devel-linux-x86_64-fedora-clang, r-devel-linux-x86_64-fedora-gcc, r-devel-macos-x86_64-clang

Version: 1.0.0.1
Flags: --no-stop-on-test-error
Check: compiled code
Result: NOTE
    File ‘SpatMCA/libs/SpatMCA.so’:
     Found no calls to: ‘R_registerRoutines’, ‘R_useDynamicSymbols’
    
    It is good practice to register native routines and to disable symbol
    search.
    
    See ‘Writing portable packages’ in the ‘Writing R Extensions’ manual.
Flavors: r-devel-linux-x86_64-fedora-clang, r-devel-linux-x86_64-fedora-gcc, r-devel-macos-x86_64-clang

Version: 1.0.0.1
Check: whether package can be installed
Result: WARN
    Found the following significant warnings:
     d:/RCompile/CRANpkg/lib/3.4/RcppParallel/include/tthread/tinythread.h:632:14: warning: ISO C++ 1998 does not support 'long long' [-Wlong-long]
     d:/RCompile/CRANpkg/lib/3.4/RcppParallel/include/tbb/tbb_stddef.h:463:37: warning: ISO C++ 1998 does not support 'long long' [-Wlong-long]
     d:/RCompile/CRANpkg/lib/3.4/RcppParallel/include/tbb/atomic.h:29:30: warning: ISO C++ 1998 does not support 'long long' [-Wlong-long]
     d:/RCompile/CRANpkg/lib/3.4/RcppParallel/include/tbb/tick_count.h:42:14: warning: ISO C++ 1998 does not support 'long long' [-Wlong-long]
     d:/RCompile/CRANpkg/lib/3.4/RcppParallel/include/tbb/tick_count.h:43:35: warning: ISO C++ 1998 does not support 'long long' [-Wlong-long]
     d:/RCompile/CRANpkg/lib/3.4/RcppParallel/include/tbb/tick_count.h:75:21: warning: ISO C++ 1998 does not support 'long long' [-Wlong-long]
     d:/RCompile/CRANpkg/lib/3.4/RcppParallel/include/tbb/tick_count.h:102:10: warning: ISO C++ 1998 does not support 'long long' [-Wlong-long]
     d:/RCompile/CRANpkg/lib/3.4/RcppParallel/include/tbb/tick_count.h:80:37: warning: ISO C++ 1998 does not support 'long long' [-Wlong-long]
     d:/RCompile/CRANpkg/lib/3.4/RcppParallel/include/tbb/tick_count.h:127:30: warning: ISO C++ 1998 does not support 'long long' [-Wlong-long]
Flavor: r-devel-windows-ix86+x86_64