CRAN Package Check Results for Package StanHeaders

Last updated on 2017-02-24 23:52:56.

Flavor Version Tinstall Tcheck Ttotal Status Flags
r-devel-linux-x86_64-debian-clang 2.14.0-1 10.55 8.21 18.76 OK
r-devel-linux-x86_64-debian-gcc 2.14.0-1 10.29 8.19 18.48 OK
r-devel-linux-x86_64-fedora-clang 2.14.0-1 30.96 NOTE --no-stop-on-test-error
r-devel-linux-x86_64-fedora-gcc 2.14.0-1 29.18 NOTE --no-stop-on-test-error
r-devel-macos-x86_64-clang 2.14.0-1 25.15 NOTE --no-stop-on-test-error
r-devel-windows-ix86+x86_64 2.14.0-1 203.00 35.00 238.00 NOTE
r-patched-linux-x86_64 2.14.0-1 9.67 7.56 17.23 OK
r-patched-solaris-sparc 2.14.0-1 161.70 NOTE
r-patched-solaris-x86 2.14.0-1 40.80 NOTE
r-release-linux-x86_64 2.14.0-1 9.25 7.64 16.89 OK
r-release-osx-x86_64-mavericks 2.14.0-1 NOTE
r-release-windows-ix86+x86_64 2.14.0-1 85.00 33.00 118.00 NOTE
r-oldrel-windows-ix86+x86_64 2.14.0-1 160.00 53.00 213.00 NOTE

Check Details

Version: 2.14.0-1
Flags: --no-stop-on-test-error
Check: installed package size
Result: NOTE
     installed size is 10.3Mb
     sub-directories of 1Mb or more:
     include 8.8Mb
     lib 1.4Mb
Flavors: r-devel-linux-x86_64-fedora-clang, r-devel-linux-x86_64-fedora-gcc, r-devel-macos-x86_64-clang

Version: 2.14.0-1
Check: installed package size
Result: NOTE
     installed size is 8.2Mb
     sub-directories of 1Mb or more:
     include 7.6Mb
Flavors: r-devel-windows-ix86+x86_64, r-patched-solaris-sparc, r-patched-solaris-x86, r-release-osx-x86_64-mavericks, r-release-windows-ix86+x86_64, r-oldrel-windows-ix86+x86_64

Version: 2.14.0-1
Check: compiled code
Result: NOTE
    File 'StanHeaders/libs/i386/StanHeaders.dll':
     Found 'printf', possibly from 'printf' (C)
     Objects: 'cvodes/src/sundials/sundials_direct.o',
     'cvodes/src/nvec_ser/nvector_serial.o'
     Found 'putchar', possibly from 'putchar' (C)
     Objects: 'cvodes/src/sundials/sundials_direct.o',
     'cvodes/src/nvec_ser/nvector_serial.o'
    File 'StanHeaders/libs/x64/StanHeaders.dll':
     Found 'printf', possibly from 'printf' (C)
     Objects: 'cvodes/src/sundials/sundials_direct.o',
     'cvodes/src/nvec_ser/nvector_serial.o'
     Found 'putchar', possibly from 'putchar' (C)
     Objects: 'cvodes/src/sundials/sundials_direct.o',
     'cvodes/src/nvec_ser/nvector_serial.o'
    
    Compiled code should not call entry points which might terminate R nor
    write to stdout/stderr instead of to the console, nor the system RNG.
    
    See 'Writing portable packages' in the 'Writing R Extensions' manual.
Flavors: r-devel-windows-ix86+x86_64, r-release-windows-ix86+x86_64, r-oldrel-windows-ix86+x86_64