CRAN Package Check Results for Package StatMeasures

Last updated on 2017-02-24 23:52:56.

Flavor Version Tinstall Tcheck Ttotal Status Flags
r-devel-linux-x86_64-debian-clang 1.0 0.82 16.01 16.83 NOTE
r-devel-linux-x86_64-debian-gcc 1.0 1.02 15.92 16.94 NOTE
r-devel-linux-x86_64-fedora-clang 1.0 28.20 NOTE --no-stop-on-test-error
r-devel-linux-x86_64-fedora-gcc 1.0 27.11 NOTE --no-stop-on-test-error
r-devel-macos-x86_64-clang 1.0 26.43 NOTE --no-stop-on-test-error
r-devel-windows-ix86+x86_64 1.0 10.00 45.00 55.00 NOTE
r-patched-linux-x86_64 1.0 0.88 14.35 15.22 NOTE
r-patched-solaris-sparc 1.0 163.40 NOTE
r-patched-solaris-x86 1.0 33.30 NOTE
r-release-linux-x86_64 1.0 0.73 14.56 15.29 NOTE
r-release-osx-x86_64-mavericks 1.0 NOTE
r-release-windows-ix86+x86_64 1.0 4.00 51.00 55.00 NOTE
r-oldrel-windows-ix86+x86_64 1.0 8.00 57.00 65.00 OK

Check Details

Version: 1.0
Check: R code for possible problems
Result: NOTE
    actvspred: no visible global function definition for ‘quantile’
    actvspred: no visible global function definition for ‘aggregate’
    actvspred: no visible global function definition for ‘par’
    actvspred: no visible global function definition for ‘plot’
    actvspred: no visible global function definition for ‘lines’
    auc: no visible global function definition for ‘par’
    auc: no visible global function definition for ‘plot’
    decile: no visible global function definition for ‘quantile’
    dqcontinuous : numoutliers: no visible global function definition for
     ‘quantile’
    dqcontinuous : <anonymous>: no visible global function definition for
     ‘sd’
    dqcontinuous : <anonymous>: no visible global function definition for
     ‘quantile’
    gini: no visible global function definition for ‘par’
    gini: no visible global function definition for ‘plot’
    gini: no visible global function definition for ‘abline’
    iv: no visible global function definition for ‘quantile’
    iv: no visible global function definition for ‘aggregate’
    ks: no visible global function definition for ‘aggregate’
    ks: no visible global function definition for ‘par’
    ks: no visible global function definition for ‘plot’
    ks: no visible global function definition for ‘lines’
    outliers: no visible global function definition for ‘quantile’
    outliers: no visible global function definition for ‘na.omit’
    pentile: no visible global function definition for ‘quantile’
    Undefined global functions or variables:
     abline aggregate lines na.omit par plot quantile sd
    Consider adding
     importFrom("graphics", "abline", "lines", "par", "plot")
     importFrom("stats", "aggregate", "na.omit", "quantile", "sd")
    to your NAMESPACE file.
Flavors: r-devel-linux-x86_64-debian-clang, r-devel-linux-x86_64-debian-gcc, r-devel-windows-ix86+x86_64, r-patched-linux-x86_64, r-patched-solaris-sparc, r-patched-solaris-x86, r-release-linux-x86_64, r-release-osx-x86_64-mavericks, r-release-windows-ix86+x86_64

Version: 1.0
Flags: --no-stop-on-test-error
Check: R code for possible problems
Result: NOTE
    actvspred: no visible global function definition for ‘quantile’
    actvspred: no visible global function definition for ‘aggregate’
    actvspred: no visible global function definition for ‘par’
    actvspred: no visible global function definition for ‘plot’
    actvspred: no visible global function definition for ‘lines’
    auc: no visible global function definition for ‘par’
    auc: no visible global function definition for ‘plot’
    decile: no visible global function definition for ‘quantile’
    dqcontinuous : numoutliers: no visible global function definition for
     ‘quantile’
    dqcontinuous : <anonymous>: no visible global function definition for
     ‘sd’
    dqcontinuous : <anonymous>: no visible global function definition for
     ‘quantile’
    gini: no visible global function definition for ‘par’
    gini: no visible global function definition for ‘plot’
    gini: no visible global function definition for ‘abline’
    iv: no visible global function definition for ‘quantile’
    iv: no visible global function definition for ‘aggregate’
    ks: no visible global function definition for ‘aggregate’
    ks: no visible global function definition for ‘par’
    ks: no visible global function definition for ‘plot’
    ks: no visible global function definition for ‘lines’
    outliers: no visible global function definition for ‘quantile’
    outliers: no visible global function definition for ‘na.omit’
    pentile: no visible global function definition for ‘quantile’
    Undefined global functions or variables:
     abline aggregate lines na.omit par plot quantile sd
    Consider adding
     importFrom("graphics", "abline", "lines", "par", "plot")
     importFrom("stats", "aggregate", "na.omit", "quantile", "sd")
    to your NAMESPACE file.
Flavors: r-devel-linux-x86_64-fedora-clang, r-devel-linux-x86_64-fedora-gcc, r-devel-macos-x86_64-clang