CRAN Package Check Results for Package SynchWave

Last updated on 2017-02-24 23:52:58.

Flavor Version Tinstall Tcheck Ttotal Status Flags
r-devel-linux-x86_64-debian-clang 1.1.1 2.02 31.41 33.44 NOTE
r-devel-linux-x86_64-debian-gcc 1.1.1 2.15 32.98 35.13 NOTE
r-devel-linux-x86_64-fedora-clang 1.1.1 64.70 NOTE --no-stop-on-test-error
r-devel-linux-x86_64-fedora-gcc 1.1.1 65.08 NOTE --no-stop-on-test-error
r-devel-macos-x86_64-clang 1.1.1 50.72 NOTE --no-stop-on-test-error
r-devel-windows-ix86+x86_64 1.1.1 24.00 89.00 113.00 NOTE
r-patched-linux-x86_64 1.1.1 2.15 29.63 31.78 NOTE
r-patched-solaris-sparc 1.1.1 430.90 NOTE
r-patched-solaris-x86 1.1.1 95.80 NOTE
r-release-linux-x86_64 1.1.1 2.19 30.54 32.73 NOTE
r-release-osx-x86_64-mavericks 1.1.1 NOTE
r-release-windows-ix86+x86_64 1.1.1 13.00 119.00 132.00 NOTE
r-oldrel-windows-ix86+x86_64 1.1.1 12.00 149.00 161.00 NOTE

Check Details

Version: 1.1.1
Check: dependencies in R code
Result: NOTE
    Package in Depends field not imported from: ‘fields’
     These packages need to be imported from (in the NAMESPACE file)
     for when this namespace is loaded but not attached.
Flavors: r-devel-linux-x86_64-debian-clang, r-devel-linux-x86_64-debian-gcc, r-devel-windows-ix86+x86_64, r-patched-linux-x86_64, r-patched-solaris-sparc, r-patched-solaris-x86, r-release-linux-x86_64, r-release-osx-x86_64-mavericks, r-release-windows-ix86+x86_64, r-oldrel-windows-ix86+x86_64

Version: 1.1.1
Check: R code for possible problems
Result: NOTE
    cwt_fw: no visible global function definition for ‘fft’
    cwt_iw: no visible global function definition for ‘fft’
    est_riskshrink_thresh: no visible global function definition for
     ‘median’
    Undefined global functions or variables:
     fft median
    Consider adding
     importFrom("stats", "fft", "median")
    to your NAMESPACE file.
Flavors: r-devel-linux-x86_64-debian-clang, r-devel-linux-x86_64-debian-gcc, r-devel-windows-ix86+x86_64, r-patched-linux-x86_64, r-patched-solaris-sparc, r-patched-solaris-x86, r-release-linux-x86_64, r-release-osx-x86_64-mavericks, r-release-windows-ix86+x86_64

Version: 1.1.1
Check: compiled code
Result: NOTE
    File ‘SynchWave/libs/SynchWave.so’:
     Found no calls to: ‘R_registerRoutines’, ‘R_useDynamicSymbols’
    
    It is good practice to register native routines and to disable symbol
    search.
    
    See ‘Writing portable packages’ in the ‘Writing R Extensions’ manual.
Flavors: r-devel-linux-x86_64-debian-clang, r-devel-linux-x86_64-debian-gcc

Version: 1.1.1
Flags: --no-stop-on-test-error
Check: dependencies in R code
Result: NOTE
    Package in Depends field not imported from: ‘fields’
     These packages need to be imported from (in the NAMESPACE file)
     for when this namespace is loaded but not attached.
Flavors: r-devel-linux-x86_64-fedora-clang, r-devel-linux-x86_64-fedora-gcc, r-devel-macos-x86_64-clang

Version: 1.1.1
Flags: --no-stop-on-test-error
Check: R code for possible problems
Result: NOTE
    cwt_fw: no visible global function definition for ‘fft’
    cwt_iw: no visible global function definition for ‘fft’
    est_riskshrink_thresh: no visible global function definition for
     ‘median’
    Undefined global functions or variables:
     fft median
    Consider adding
     importFrom("stats", "fft", "median")
    to your NAMESPACE file.
Flavors: r-devel-linux-x86_64-fedora-clang, r-devel-linux-x86_64-fedora-gcc, r-devel-macos-x86_64-clang

Version: 1.1.1
Flags: --no-stop-on-test-error
Check: compiled code
Result: NOTE
    File ‘SynchWave/libs/SynchWave.so’:
     Found no calls to: ‘R_registerRoutines’, ‘R_useDynamicSymbols’
    
    It is good practice to register native routines and to disable symbol
    search.
    
    See ‘Writing portable packages’ in the ‘Writing R Extensions’ manual.
Flavors: r-devel-linux-x86_64-fedora-clang, r-devel-linux-x86_64-fedora-gcc, r-devel-macos-x86_64-clang