CRAN Package Check Results for Package Synth

Last updated on 2017-02-24 23:52:58.

Flavor Version Tinstall Tcheck Ttotal Status Flags
r-devel-linux-x86_64-debian-clang 1.1-5 1.61 23.11 24.72 NOTE
r-devel-linux-x86_64-debian-gcc 1.1-5 1.63 24.73 26.36 NOTE
r-devel-linux-x86_64-fedora-clang 1.1-5 47.62 NOTE --no-stop-on-test-error
r-devel-linux-x86_64-fedora-gcc 1.1-5 46.87 NOTE --no-stop-on-test-error
r-devel-macos-x86_64-clang 1.1-5 39.13 NOTE --no-stop-on-test-error
r-devel-windows-ix86+x86_64 1.1-5 15.00 45.00 60.00 NOTE
r-patched-linux-x86_64 1.1-5 1.67 22.10 23.78 NOTE
r-patched-solaris-sparc 1.1-5 289.10 NOTE
r-patched-solaris-x86 1.1-5 60.60 NOTE
r-release-linux-x86_64 1.1-5 1.90 22.69 24.59 NOTE
r-release-osx-x86_64-mavericks 1.1-5 NOTE
r-release-windows-ix86+x86_64 1.1-5 8.00 57.00 65.00 NOTE
r-oldrel-windows-ix86+x86_64 1.1-5 15.00 97.00 112.00 NOTE

Check Details

Version: 1.1-5
Check: dependencies in R code
Result: NOTE
    'library' or 'require' calls in package code:
     ‘LowRankQP’ ‘rgenoud’
     Please use :: or requireNamespace() instead.
     See section 'Suggested packages' in the 'Writing R Extensions' manual.
Flavors: r-devel-linux-x86_64-debian-clang, r-devel-linux-x86_64-debian-gcc, r-devel-windows-ix86+x86_64, r-patched-linux-x86_64, r-patched-solaris-sparc, r-patched-solaris-x86, r-release-linux-x86_64, r-release-osx-x86_64-mavericks, r-release-windows-ix86+x86_64, r-oldrel-windows-ix86+x86_64

Version: 1.1-5
Check: R code for possible problems
Result: NOTE
    fn.V: no visible global function definition for ‘LowRankQP’
    gaps.plot: no visible global function definition for ‘abline’
    path.plot: no visible global function definition for ‘lines’
    path.plot: no visible global function definition for ‘abline’
    path.plot: no visible global function definition for ‘legend’
    synth: no visible binding for global variable ‘sd’
    synth: no visible binding for global variable ‘var’
    synth: no visible global function definition for ‘LowRankQP’
    Undefined global functions or variables:
     LowRankQP abline legend lines sd var
    Consider adding
     importFrom("graphics", "abline", "legend", "lines")
     importFrom("stats", "sd", "var")
    to your NAMESPACE file.
Flavors: r-devel-linux-x86_64-debian-clang, r-devel-linux-x86_64-debian-gcc, r-devel-windows-ix86+x86_64, r-patched-linux-x86_64, r-patched-solaris-sparc, r-patched-solaris-x86, r-release-linux-x86_64, r-release-osx-x86_64-mavericks, r-release-windows-ix86+x86_64

Version: 1.1-5
Flags: --no-stop-on-test-error
Check: dependencies in R code
Result: NOTE
    'library' or 'require' calls in package code:
     ‘LowRankQP’ ‘rgenoud’
     Please use :: or requireNamespace() instead.
     See section 'Suggested packages' in the 'Writing R Extensions' manual.
Flavors: r-devel-linux-x86_64-fedora-clang, r-devel-linux-x86_64-fedora-gcc, r-devel-macos-x86_64-clang

Version: 1.1-5
Flags: --no-stop-on-test-error
Check: R code for possible problems
Result: NOTE
    fn.V: no visible global function definition for ‘LowRankQP’
    gaps.plot: no visible global function definition for ‘abline’
    path.plot: no visible global function definition for ‘lines’
    path.plot: no visible global function definition for ‘abline’
    path.plot: no visible global function definition for ‘legend’
    synth: no visible binding for global variable ‘sd’
    synth: no visible binding for global variable ‘var’
    synth: no visible global function definition for ‘LowRankQP’
    Undefined global functions or variables:
     LowRankQP abline legend lines sd var
    Consider adding
     importFrom("graphics", "abline", "legend", "lines")
     importFrom("stats", "sd", "var")
    to your NAMESPACE file.
Flavors: r-devel-linux-x86_64-fedora-clang, r-devel-linux-x86_64-fedora-gcc, r-devel-macos-x86_64-clang

Version: 1.1-5
Check: R code for possible problems
Result: NOTE
    fn.V: no visible global function definition for 'LowRankQP'
    synth: no visible global function definition for 'LowRankQP'
Flavor: r-oldrel-windows-ix86+x86_64