CRAN Package Check Results for Package TKF

Last updated on 2017-02-24 23:52:59.

Flavor Version Tinstall Tcheck Ttotal Status Flags
r-devel-linux-x86_64-debian-clang 0.0.8 4.78 62.75 67.53 NOTE
r-devel-linux-x86_64-debian-gcc 0.0.8 5.54 63.34 68.88 NOTE
r-devel-linux-x86_64-fedora-clang 0.0.8 191.84 NOTE --no-stop-on-test-error
r-devel-linux-x86_64-fedora-gcc 0.0.8 190.98 NOTE --no-stop-on-test-error
r-devel-macos-x86_64-clang 0.0.8 98.29 NOTE --no-stop-on-test-error
r-devel-windows-ix86+x86_64 0.0.8 31.00 238.00 269.00 NOTE
r-patched-linux-x86_64 0.0.8 5.23 59.71 64.94 NOTE
r-patched-solaris-sparc 0.0.8 992.20 NOTE
r-patched-solaris-x86 0.0.8 216.90 NOTE
r-release-linux-x86_64 0.0.8 5.67 60.95 66.62 NOTE
r-release-osx-x86_64-mavericks 0.0.8 NOTE
r-release-windows-ix86+x86_64 0.0.8 25.00 252.00 277.00 NOTE
r-oldrel-windows-ix86+x86_64 0.0.8 29.00 303.00 332.00 OK

Check Details

Version: 0.0.8
Check: R code for possible problems
Result: NOTE
    ls.tree: no visible global function definition for ‘lm’
    ls.tree: no visible global function definition for ‘coef’
    Undefined global functions or variables:
     coef lm
    Consider adding
     importFrom("stats", "coef", "lm")
    to your NAMESPACE file.
Flavors: r-devel-linux-x86_64-debian-clang, r-devel-linux-x86_64-debian-gcc, r-devel-windows-ix86+x86_64, r-patched-linux-x86_64, r-patched-solaris-sparc, r-patched-solaris-x86, r-release-linux-x86_64, r-release-osx-x86_64-mavericks, r-release-windows-ix86+x86_64

Version: 0.0.8
Check: compiled code
Result: NOTE
    File ‘TKF/libs/TKF.so’:
     Found no call to: ‘R_useDynamicSymbols’
    
    It is good practice to register native routines and to disable symbol
    search.
    
    See ‘Writing portable packages’ in the ‘Writing R Extensions’ manual.
Flavors: r-devel-linux-x86_64-debian-clang, r-devel-linux-x86_64-debian-gcc

Version: 0.0.8
Flags: --no-stop-on-test-error
Check: R code for possible problems
Result: NOTE
    ls.tree: no visible global function definition for ‘lm’
    ls.tree: no visible global function definition for ‘coef’
    Undefined global functions or variables:
     coef lm
    Consider adding
     importFrom("stats", "coef", "lm")
    to your NAMESPACE file.
Flavors: r-devel-linux-x86_64-fedora-clang, r-devel-linux-x86_64-fedora-gcc, r-devel-macos-x86_64-clang

Version: 0.0.8
Flags: --no-stop-on-test-error
Check: compiled code
Result: NOTE
    File ‘TKF/libs/TKF.so’:
     Found no call to: ‘R_useDynamicSymbols’
    
    It is good practice to register native routines and to disable symbol
    search.
    
    See ‘Writing portable packages’ in the ‘Writing R Extensions’ manual.
Flavors: r-devel-linux-x86_64-fedora-clang, r-devel-linux-x86_64-fedora-gcc, r-devel-macos-x86_64-clang