Last updated on 2017-02-24 23:52:59.
Flavor | Version | Tinstall | Tcheck | Ttotal | Status | Flags |
---|---|---|---|---|---|---|
r-devel-linux-x86_64-debian-clang | 1.0 | 1.34 | 21.26 | 22.60 | NOTE | |
r-devel-linux-x86_64-debian-gcc | 1.0 | 1.38 | 20.71 | 22.09 | NOTE | |
r-devel-linux-x86_64-fedora-clang | 1.0 | 36.75 | NOTE | --no-stop-on-test-error | ||
r-devel-linux-x86_64-fedora-gcc | 1.0 | 35.33 | NOTE | --no-stop-on-test-error | ||
r-devel-macos-x86_64-clang | 1.0 | 33.63 | NOTE | --no-stop-on-test-error | ||
r-devel-windows-ix86+x86_64 | 1.0 | 16.00 | 66.00 | 82.00 | NOTE | |
r-patched-linux-x86_64 | 1.0 | 1.28 | 19.73 | 21.01 | NOTE | |
r-patched-solaris-sparc | 1.0 | 218.60 | NOTE | |||
r-patched-solaris-x86 | 1.0 | 44.70 | NOTE | |||
r-release-linux-x86_64 | 1.0 | 1.30 | 19.56 | 20.86 | NOTE | |
r-release-osx-x86_64-mavericks | 1.0 | NOTE | ||||
r-release-windows-ix86+x86_64 | 1.0 | 7.00 | 59.00 | 66.00 | NOTE | |
r-oldrel-windows-ix86+x86_64 | 1.0 | 17.00 | 54.00 | 71.00 | OK |
Version: 1.0
Check: R code for possible problems
Result: NOTE
search_collection: no visible global function definition for
‘URLencode’
search_company: no visible global function definition for ‘URLencode’
search_keyword: no visible global function definition for ‘URLencode’
search_list: no visible global function definition for ‘URLencode’
search_movie: no visible global function definition for ‘URLencode’
search_multi: no visible global function definition for ‘URLencode’
search_person: no visible global function definition for ‘URLencode’
search_tv: no visible global function definition for ‘URLencode’
Undefined global functions or variables:
URLencode
Consider adding
importFrom("utils", "URLencode")
to your NAMESPACE file.
Flavors: r-devel-linux-x86_64-debian-clang, r-devel-linux-x86_64-debian-gcc, r-devel-windows-ix86+x86_64, r-patched-linux-x86_64, r-patched-solaris-sparc, r-patched-solaris-x86, r-release-linux-x86_64, r-release-osx-x86_64-mavericks, r-release-windows-ix86+x86_64
Version: 1.0
Flags: --no-stop-on-test-error
Check: R code for possible problems
Result: NOTE
search_collection: no visible global function definition for
‘URLencode’
search_company: no visible global function definition for ‘URLencode’
search_keyword: no visible global function definition for ‘URLencode’
search_list: no visible global function definition for ‘URLencode’
search_movie: no visible global function definition for ‘URLencode’
search_multi: no visible global function definition for ‘URLencode’
search_person: no visible global function definition for ‘URLencode’
search_tv: no visible global function definition for ‘URLencode’
Undefined global functions or variables:
URLencode
Consider adding
importFrom("utils", "URLencode")
to your NAMESPACE file.
Flavors: r-devel-linux-x86_64-fedora-clang, r-devel-linux-x86_64-fedora-gcc, r-devel-macos-x86_64-clang