CRAN Package Check Results for Package VCA

Last updated on 2017-02-24 23:53:00.

Flavor Version Tinstall Tcheck Ttotal Status Flags
r-devel-linux-x86_64-debian-clang 1.3.2 4.24 51.24 55.47 NOTE
r-devel-linux-x86_64-debian-gcc 1.3.2 4.41 53.41 57.82 NOTE
r-devel-linux-x86_64-fedora-clang 1.3.2 116.58 NOTE --no-stop-on-test-error
r-devel-linux-x86_64-fedora-gcc 1.3.2 114.38 NOTE --no-stop-on-test-error
r-devel-macos-x86_64-clang 1.3.2 92.50 NOTE --no-stop-on-test-error
r-devel-windows-ix86+x86_64 1.3.2 20.00 142.00 162.00 OK
r-patched-linux-x86_64 1.3.2 4.06 50.61 54.67 OK
r-patched-solaris-sparc 1.3.2 672.10 OK
r-patched-solaris-x86 1.3.2 135.70 OK
r-release-linux-x86_64 1.3.2 4.17 49.52 53.69 OK
r-release-osx-x86_64-mavericks 1.3.2 OK
r-release-windows-ix86+x86_64 1.3.2 20.00 142.00 162.00 OK
r-oldrel-windows-ix86+x86_64 1.3.2 22.00 205.00 227.00 OK

Check Details

Version: 1.3.2
Check: compiled code
Result: NOTE
    File ‘VCA/libs/VCA.so’:
     Found no calls to: ‘R_registerRoutines’, ‘R_useDynamicSymbols’
    
    It is good practice to register native routines and to disable symbol
    search.
    
    See ‘Writing portable packages’ in the ‘Writing R Extensions’ manual.
Flavors: r-devel-linux-x86_64-debian-clang, r-devel-linux-x86_64-debian-gcc

Version: 1.3.2
Flags: --no-stop-on-test-error
Check: compiled code
Result: NOTE
    File ‘VCA/libs/VCA.so’:
     Found no calls to: ‘R_registerRoutines’, ‘R_useDynamicSymbols’
    
    It is good practice to register native routines and to disable symbol
    search.
    
    See ‘Writing portable packages’ in the ‘Writing R Extensions’ manual.
Flavors: r-devel-linux-x86_64-fedora-clang, r-devel-linux-x86_64-fedora-gcc, r-devel-macos-x86_64-clang