Last updated on 2017-02-24 23:53:00.
Flavor | Version | Tinstall | Tcheck | Ttotal | Status | Flags |
---|---|---|---|---|---|---|
r-devel-linux-x86_64-debian-clang | 4.6.0 | 13.90 | 84.34 | 98.24 | NOTE | |
r-devel-linux-x86_64-debian-gcc | 4.6.0 | 15.21 | 85.85 | 101.06 | NOTE | |
r-devel-linux-x86_64-fedora-clang | 4.6.0 | 207.05 | NOTE | --no-stop-on-test-error | ||
r-devel-linux-x86_64-fedora-gcc | 4.6.0 | 203.71 | NOTE | --no-stop-on-test-error | ||
r-devel-macos-x86_64-clang | 4.6.0 | 155.99 | NOTE | --no-stop-on-test-error | ||
r-devel-windows-ix86+x86_64 | 4.6.0 | 49.00 | 255.00 | 304.00 | OK | |
r-patched-linux-x86_64 | 4.6.0 | 13.31 | 82.69 | 96.00 | OK | |
r-patched-solaris-sparc | 4.6.0 | 1164.80 | NOTE | |||
r-patched-solaris-x86 | 4.6.0 | 235.30 | NOTE | |||
r-release-linux-x86_64 | 4.6.0 | 13.39 | 82.14 | 95.54 | OK | |
r-release-osx-x86_64-mavericks | 4.6.0 | OK | ||||
r-release-windows-ix86+x86_64 | 4.6.0 | 49.00 | 185.00 | 234.00 | OK | |
r-oldrel-windows-ix86+x86_64 | 4.6.0 | 52.00 | 263.00 | 315.00 | OK |
Version: 4.6.0
Check: compiled code
Result: NOTE
File ‘VIM/libs/VIM.so’:
Found no calls to: ‘R_registerRoutines’, ‘R_useDynamicSymbols’
It is good practice to register native routines and to disable symbol
search.
See ‘Writing portable packages’ in the ‘Writing R Extensions’ manual.
Flavors: r-devel-linux-x86_64-debian-clang, r-devel-linux-x86_64-debian-gcc
Version: 4.6.0
Flags: --no-stop-on-test-error
Check: compiled code
Result: NOTE
File ‘VIM/libs/VIM.so’:
Found no calls to: ‘R_registerRoutines’, ‘R_useDynamicSymbols’
It is good practice to register native routines and to disable symbol
search.
See ‘Writing portable packages’ in the ‘Writing R Extensions’ manual.
Flavors: r-devel-linux-x86_64-fedora-clang, r-devel-linux-x86_64-fedora-gcc, r-devel-macos-x86_64-clang
Version: 4.6.0
Check: Rd cross-references
Result: NOTE
Package unavailable to check Rd xrefs: ‘StatDA’
Flavors: r-patched-solaris-sparc, r-patched-solaris-x86