CRAN Package Check Results for Package activpalProcessing

Last updated on 2017-02-24 23:52:14.

Flavor Version Tinstall Tcheck Ttotal Status Flags
r-devel-linux-x86_64-debian-clang 1.0.2 5.05 33.77 38.82 OK
r-devel-linux-x86_64-debian-gcc 1.0.2 5.22 34.13 39.35 OK
r-devel-linux-x86_64-fedora-clang 1.0.2 74.37 NOTE --no-stop-on-test-error
r-devel-linux-x86_64-fedora-gcc 1.0.2 70.69 NOTE --no-stop-on-test-error
r-devel-macos-x86_64-clang 1.0.2 60.18 NOTE --no-stop-on-test-error
r-devel-windows-ix86+x86_64 1.0.2 20.00 61.00 81.00 NOTE
r-patched-linux-x86_64 1.0.2 5.18 31.25 36.43 OK
r-patched-solaris-sparc 1.0.2 457.90 NOTE
r-patched-solaris-x86 1.0.2 104.00 NOTE
r-release-linux-x86_64 1.0.2 5.18 30.76 35.94 OK
r-release-osx-x86_64-mavericks 1.0.2 NOTE
r-release-windows-ix86+x86_64 1.0.2 12.00 90.00 102.00 NOTE
r-oldrel-windows-ix86+x86_64 1.0.2 18.00 108.00 126.00 NOTE

Check Details

Version: 1.0.2
Flags: --no-stop-on-test-error
Check: installed package size
Result: NOTE
     installed size is 5.5Mb
     sub-directories of 1Mb or more:
     data 5.4Mb
Flavors: r-devel-linux-x86_64-fedora-clang, r-devel-linux-x86_64-fedora-gcc, r-devel-macos-x86_64-clang

Version: 1.0.2
Check: installed package size
Result: NOTE
     installed size is 5.5Mb
     sub-directories of 1Mb or more:
     data 5.4Mb
Flavors: r-devel-windows-ix86+x86_64, r-patched-solaris-sparc, r-patched-solaris-x86, r-release-osx-x86_64-mavericks, r-release-windows-ix86+x86_64, r-oldrel-windows-ix86+x86_64