CRAN Package Check Results for Package ads

Last updated on 2017-02-24 23:52:14.

Flavor Version Tinstall Tcheck Ttotal Status Flags
r-devel-linux-x86_64-debian-clang 1.5-2.2 8.84 68.81 77.65 NOTE
r-devel-linux-x86_64-debian-gcc 1.5-2.2 10.33 68.26 78.59 NOTE
r-devel-linux-x86_64-fedora-clang 1.5-2.2 156.28 NOTE --no-stop-on-test-error
r-devel-linux-x86_64-fedora-gcc 1.5-2.2 152.59 NOTE --no-stop-on-test-error
r-devel-macos-x86_64-clang 1.5-2.2 117.34 NOTE --no-stop-on-test-error
r-devel-windows-ix86+x86_64 1.5-2.2 64.00 205.00 269.00 NOTE
r-patched-linux-x86_64 1.5-2.2 9.74 63.35 73.09 NOTE
r-patched-solaris-sparc 1.5-2.2 1003.70 NOTE
r-patched-solaris-x86 1.5-2.2 204.10 NOTE
r-release-linux-x86_64 1.5-2.2 9.84 62.98 72.82 NOTE
r-release-osx-x86_64-mavericks 1.5-2.2 NOTE
r-release-windows-ix86+x86_64 1.5-2.2 40.00 148.00 188.00 NOTE
r-oldrel-windows-ix86+x86_64 1.5-2.2 54.00 263.00 317.00 OK

Check Details

Version: 1.5-2.2
Check: S3 generic/method consistency
Result: NOTE
    Found the following apparent S3 methods exported but not registered:
     plot.fads plot.fads.k12fun plot.fads.k12fun plot.fads.kdfun
     plot.fads.kdfun plot.fads.kfun plot.fads.kfun plot.fads.kmfun
     plot.fads.kmfun plot.fads.kp.fun plot.fads.kp.fun plot.fads.kpqfun
     plot.fads.kpqfun plot.fads.krfun plot.fads.krfun plot.fads.ksfun
     plot.fads.ksfun plot.fads.mimetic plot.fads.mimetic plot.mimetic
     plot.spp plot.swin plot.vads plot.vads.dval plot.vads.dval
     plot.vads.k12val plot.vads.k12val plot.vads.kval plot.vads.kval
     print.fads print.fads.k12fun print.fads.k12fun print.fads.kfun
     print.fads.kfun print.fads.kmfun print.fads.kmfun print.fads.kp.fun
     print.fads.kp.fun print.fads.kpqfun print.fads.kpqfun
     print.fads.krfun print.fads.krfun print.fads.ksfun print.fads.ksfun
     print.spp print.summary.dval print.summary.k12val print.summary.kval
     print.summary.spp print.summary.swin print.swin print.vads
     print.vads.dval print.vads.dval print.vads.k12val print.vads.k12val
     print.vads.kval print.vads.kval summary.spp summary.swin summary.vads
     summary.vads.dval summary.vads.dval summary.vads.k12val
     summary.vads.k12val summary.vads.kval summary.vads.kval
    See section ‘Registering S3 methods’ in the ‘Writing R Extensions’
    manual.
Flavors: r-devel-linux-x86_64-debian-clang, r-devel-linux-x86_64-debian-gcc, r-patched-linux-x86_64, r-patched-solaris-sparc, r-patched-solaris-x86, r-release-linux-x86_64

Version: 1.5-2.2
Check: R code for possible problems
Result: NOTE
    kdfun: no visible global function definition for ‘as.dist’
    kmfun: no visible global function definition for ‘var’
    krfun: no visible global function definition for ‘as.dist’
    overlap.trapez: no visible global function definition for ‘abline’
    overlap.trapez: no visible global function definition for ‘points’
    plot.fads.k12fun: no visible global function definition for ‘par’
    plot.fads.k12fun: no visible global function definition for ‘layout’
    plot.fads.k12fun: no visible global function definition for ‘plot’
    plot.fads.k12fun: no visible global function definition for ‘lines’
    plot.fads.kdfun: no visible global function definition for ‘par’
    plot.fads.kdfun: no visible global function definition for ‘layout’
    plot.fads.kdfun: no visible global function definition for ‘plot’
    plot.fads.kdfun: no visible global function definition for ‘lines’
    plot.fads.kfun: no visible global function definition for ‘par’
    plot.fads.kfun: no visible global function definition for ‘layout’
    plot.fads.kfun: no visible global function definition for ‘plot’
    plot.fads.kfun: no visible global function definition for ‘lines’
    plot.fads.kmfun: no visible global function definition for ‘par’
    plot.fads.kmfun: no visible global function definition for ‘layout’
    plot.fads.kmfun: no visible global function definition for ‘plot’
    plot.fads.kmfun: no visible global function definition for ‘lines’
    plot.fads.kp.fun: no visible global function definition for ‘par’
    plot.fads.kp.fun: no visible global function definition for ‘layout’
    plot.fads.kp.fun: no visible global function definition for
     ‘plot.default’
    plot.fads.kp.fun: no visible global function definition for ‘plot’
    plot.fads.kp.fun: no visible global function definition for ‘lines’
    plot.fads.kpqfun: no visible global function definition for ‘par’
    plot.fads.kpqfun: no visible global function definition for ‘layout’
    plot.fads.kpqfun: no visible global function definition for
     ‘plot.default’
    plot.fads.kpqfun: no visible global function definition for ‘plot’
    plot.fads.kpqfun: no visible global function definition for ‘lines’
    plot.fads.krfun: no visible global function definition for ‘par’
    plot.fads.krfun: no visible global function definition for ‘layout’
    plot.fads.krfun: no visible global function definition for ‘plot’
    plot.fads.krfun: no visible global function definition for ‘lines’
    plot.fads.ksfun: no visible global function definition for ‘par’
    plot.fads.ksfun: no visible global function definition for ‘layout’
    plot.fads.ksfun: no visible global function definition for ‘plot’
    plot.fads.ksfun: no visible global function definition for ‘lines’
    plot.fads.mimetic: no visible global function definition for ‘plot’
    plot.fads.mimetic: no visible global function definition for ‘lines’
    plot.mimetic: no visible global function definition for ‘par’
    plot.mimetic: no visible global function definition for ‘layout’
    plot.mimetic: no visible global function definition for ‘plot’
    plot.mimetic: no visible global function definition for ‘barplot’
    plot.spp: no visible global function definition for ‘par’
    plot.spp: no visible global function definition for ‘points’
    plot.spp: no visible global function definition for ‘symbols’
    plot.spp: no visible global function definition for ‘text’
    plot.swin: no visible global function definition for ‘par’
    plot.swin: no visible global function definition for ‘plot’
    plot.swin: no visible global function definition for ‘polygon’
    plot.swin: no visible global function definition for ‘symbols’
    plot.swin: no visible global function definition for ‘text’
    plot.vads.dval: no visible global function definition for ‘par’
    plot.vads.dval: no visible global function definition for ‘layout’
    plot.vads.dval: no visible global function definition for ‘plot’
    plot.vads.dval: no visible global function definition for ‘symbols’
    plot.vads.dval: no visible global function definition for ‘text’
    plot.vads.dval: no visible global function definition for ‘points’
    plot.vads.k12val: no visible global function definition for ‘par’
    plot.vads.k12val: no visible global function definition for ‘layout’
    plot.vads.k12val: no visible global function definition for
     ‘plot.default’
    plot.vads.k12val: no visible global function definition for ‘symbols’
    plot.vads.k12val: no visible global function definition for ‘text’
    plot.vads.k12val: no visible global function definition for ‘points’
    plot.vads.kval: no visible global function definition for ‘par’
    plot.vads.kval: no visible global function definition for ‘layout’
    plot.vads.kval: no visible global function definition for
     ‘plot.default’
    plot.vads.kval: no visible global function definition for ‘symbols’
    plot.vads.kval: no visible global function definition for ‘text’
    plot.vads.kval: no visible global function definition for ‘points’
    print.fads.k12fun: no visible global function definition for ‘str’
    print.fads.kfun: no visible global function definition for ‘str’
    print.fads.kmfun: no visible global function definition for ‘str’
    print.fads.kp.fun: no visible global function definition for ‘str’
    print.fads.kpqfun: no visible global function definition for ‘str’
    print.fads.krfun: no visible global function definition for ‘str’
    print.fads.ksfun: no visible global function definition for ‘str’
    print.spp: no visible global function definition for ‘str’
    print.swin: no visible global function definition for ‘str’
    print.vads.dval: no visible global function definition for ‘str’
    print.vads.k12val: no visible global function definition for ‘str’
    print.vads.kval: no visible global function definition for ‘str’
    read.tri: no visible global function definition for ‘read.table’
    sortmat: no visible global function definition for ‘as.dist’
    subsetdist: no visible global function definition for ‘as.dist’
    Undefined global functions or variables:
     abline as.dist barplot layout lines par plot plot.default points
     polygon read.table str symbols text var
    Consider adding
     importFrom("graphics", "abline", "barplot", "layout", "lines", "par",
     "plot", "plot.default", "points", "polygon", "symbols",
     "text")
     importFrom("stats", "as.dist", "var")
     importFrom("utils", "read.table", "str")
    to your NAMESPACE file.
Flavors: r-devel-linux-x86_64-debian-clang, r-devel-linux-x86_64-debian-gcc, r-devel-windows-ix86+x86_64, r-patched-linux-x86_64, r-patched-solaris-sparc, r-patched-solaris-x86, r-release-linux-x86_64, r-release-osx-x86_64-mavericks, r-release-windows-ix86+x86_64

Version: 1.5-2.2
Check: compiled code
Result: NOTE
    File ‘ads/libs/ads.so’:
     Found no calls to: ‘R_registerRoutines’, ‘R_useDynamicSymbols’
    
    It is good practice to register native routines and to disable symbol
    search.
    
    See ‘Writing portable packages’ in the ‘Writing R Extensions’ manual.
Flavors: r-devel-linux-x86_64-debian-clang, r-devel-linux-x86_64-debian-gcc

Version: 1.5-2.2
Flags: --no-stop-on-test-error
Check: S3 generic/method consistency
Result: NOTE
    Found the following apparent S3 methods exported but not registered:
     plot.fads plot.fads.k12fun plot.fads.k12fun plot.fads.kdfun
     plot.fads.kdfun plot.fads.kfun plot.fads.kfun plot.fads.kmfun
     plot.fads.kmfun plot.fads.kp.fun plot.fads.kp.fun plot.fads.kpqfun
     plot.fads.kpqfun plot.fads.krfun plot.fads.krfun plot.fads.ksfun
     plot.fads.ksfun plot.fads.mimetic plot.fads.mimetic plot.mimetic
     plot.spp plot.swin plot.vads plot.vads.dval plot.vads.dval
     plot.vads.k12val plot.vads.k12val plot.vads.kval plot.vads.kval
     print.fads print.fads.k12fun print.fads.k12fun print.fads.kfun
     print.fads.kfun print.fads.kmfun print.fads.kmfun print.fads.kp.fun
     print.fads.kp.fun print.fads.kpqfun print.fads.kpqfun
     print.fads.krfun print.fads.krfun print.fads.ksfun print.fads.ksfun
     print.spp print.summary.dval print.summary.k12val print.summary.kval
     print.summary.spp print.summary.swin print.swin print.vads
     print.vads.dval print.vads.dval print.vads.k12val print.vads.k12val
     print.vads.kval print.vads.kval summary.spp summary.swin summary.vads
     summary.vads.dval summary.vads.dval summary.vads.k12val
     summary.vads.k12val summary.vads.kval summary.vads.kval
    See section ‘Registering S3 methods’ in the ‘Writing R Extensions’
    manual.
Flavors: r-devel-linux-x86_64-fedora-clang, r-devel-linux-x86_64-fedora-gcc, r-devel-macos-x86_64-clang

Version: 1.5-2.2
Flags: --no-stop-on-test-error
Check: R code for possible problems
Result: NOTE
    kdfun: no visible global function definition for ‘as.dist’
    kmfun: no visible global function definition for ‘var’
    krfun: no visible global function definition for ‘as.dist’
    overlap.trapez: no visible global function definition for ‘abline’
    overlap.trapez: no visible global function definition for ‘points’
    plot.fads.k12fun: no visible global function definition for ‘par’
    plot.fads.k12fun: no visible global function definition for ‘layout’
    plot.fads.k12fun: no visible global function definition for ‘plot’
    plot.fads.k12fun: no visible global function definition for ‘lines’
    plot.fads.kdfun: no visible global function definition for ‘par’
    plot.fads.kdfun: no visible global function definition for ‘layout’
    plot.fads.kdfun: no visible global function definition for ‘plot’
    plot.fads.kdfun: no visible global function definition for ‘lines’
    plot.fads.kfun: no visible global function definition for ‘par’
    plot.fads.kfun: no visible global function definition for ‘layout’
    plot.fads.kfun: no visible global function definition for ‘plot’
    plot.fads.kfun: no visible global function definition for ‘lines’
    plot.fads.kmfun: no visible global function definition for ‘par’
    plot.fads.kmfun: no visible global function definition for ‘layout’
    plot.fads.kmfun: no visible global function definition for ‘plot’
    plot.fads.kmfun: no visible global function definition for ‘lines’
    plot.fads.kp.fun: no visible global function definition for ‘par’
    plot.fads.kp.fun: no visible global function definition for ‘layout’
    plot.fads.kp.fun: no visible global function definition for
     ‘plot.default’
    plot.fads.kp.fun: no visible global function definition for ‘plot’
    plot.fads.kp.fun: no visible global function definition for ‘lines’
    plot.fads.kpqfun: no visible global function definition for ‘par’
    plot.fads.kpqfun: no visible global function definition for ‘layout’
    plot.fads.kpqfun: no visible global function definition for
     ‘plot.default’
    plot.fads.kpqfun: no visible global function definition for ‘plot’
    plot.fads.kpqfun: no visible global function definition for ‘lines’
    plot.fads.krfun: no visible global function definition for ‘par’
    plot.fads.krfun: no visible global function definition for ‘layout’
    plot.fads.krfun: no visible global function definition for ‘plot’
    plot.fads.krfun: no visible global function definition for ‘lines’
    plot.fads.ksfun: no visible global function definition for ‘par’
    plot.fads.ksfun: no visible global function definition for ‘layout’
    plot.fads.ksfun: no visible global function definition for ‘plot’
    plot.fads.ksfun: no visible global function definition for ‘lines’
    plot.fads.mimetic: no visible global function definition for ‘plot’
    plot.fads.mimetic: no visible global function definition for ‘lines’
    plot.mimetic: no visible global function definition for ‘par’
    plot.mimetic: no visible global function definition for ‘layout’
    plot.mimetic: no visible global function definition for ‘plot’
    plot.mimetic: no visible global function definition for ‘barplot’
    plot.spp: no visible global function definition for ‘par’
    plot.spp: no visible global function definition for ‘points’
    plot.spp: no visible global function definition for ‘symbols’
    plot.spp: no visible global function definition for ‘text’
    plot.swin: no visible global function definition for ‘par’
    plot.swin: no visible global function definition for ‘plot’
    plot.swin: no visible global function definition for ‘polygon’
    plot.swin: no visible global function definition for ‘symbols’
    plot.swin: no visible global function definition for ‘text’
    plot.vads.dval: no visible global function definition for ‘par’
    plot.vads.dval: no visible global function definition for ‘layout’
    plot.vads.dval: no visible global function definition for ‘plot’
    plot.vads.dval: no visible global function definition for ‘symbols’
    plot.vads.dval: no visible global function definition for ‘text’
    plot.vads.dval: no visible global function definition for ‘points’
    plot.vads.k12val: no visible global function definition for ‘par’
    plot.vads.k12val: no visible global function definition for ‘layout’
    plot.vads.k12val: no visible global function definition for
     ‘plot.default’
    plot.vads.k12val: no visible global function definition for ‘symbols’
    plot.vads.k12val: no visible global function definition for ‘text’
    plot.vads.k12val: no visible global function definition for ‘points’
    plot.vads.kval: no visible global function definition for ‘par’
    plot.vads.kval: no visible global function definition for ‘layout’
    plot.vads.kval: no visible global function definition for
     ‘plot.default’
    plot.vads.kval: no visible global function definition for ‘symbols’
    plot.vads.kval: no visible global function definition for ‘text’
    plot.vads.kval: no visible global function definition for ‘points’
    print.fads.k12fun: no visible global function definition for ‘str’
    print.fads.kfun: no visible global function definition for ‘str’
    print.fads.kmfun: no visible global function definition for ‘str’
    print.fads.kp.fun: no visible global function definition for ‘str’
    print.fads.kpqfun: no visible global function definition for ‘str’
    print.fads.krfun: no visible global function definition for ‘str’
    print.fads.ksfun: no visible global function definition for ‘str’
    print.spp: no visible global function definition for ‘str’
    print.swin: no visible global function definition for ‘str’
    print.vads.dval: no visible global function definition for ‘str’
    print.vads.k12val: no visible global function definition for ‘str’
    print.vads.kval: no visible global function definition for ‘str’
    read.tri: no visible global function definition for ‘read.table’
    sortmat: no visible global function definition for ‘as.dist’
    subsetdist: no visible global function definition for ‘as.dist’
    Undefined global functions or variables:
     abline as.dist barplot layout lines par plot plot.default points
     polygon read.table str symbols text var
    Consider adding
     importFrom("graphics", "abline", "barplot", "layout", "lines", "par",
     "plot", "plot.default", "points", "polygon", "symbols",
     "text")
     importFrom("stats", "as.dist", "var")
     importFrom("utils", "read.table", "str")
    to your NAMESPACE file.
Flavors: r-devel-linux-x86_64-fedora-clang, r-devel-linux-x86_64-fedora-gcc, r-devel-macos-x86_64-clang

Version: 1.5-2.2
Flags: --no-stop-on-test-error
Check: compiled code
Result: NOTE
    File ‘ads/libs/ads.so’:
     Found no calls to: ‘R_registerRoutines’, ‘R_useDynamicSymbols’
    
    It is good practice to register native routines and to disable symbol
    search.
    
    See ‘Writing portable packages’ in the ‘Writing R Extensions’ manual.
Flavors: r-devel-linux-x86_64-fedora-clang, r-devel-linux-x86_64-fedora-gcc, r-devel-macos-x86_64-clang