Last updated on 2017-02-24 23:52:14.
Flavor | Version | Tinstall | Tcheck | Ttotal | Status | Flags |
---|---|---|---|---|---|---|
r-devel-linux-x86_64-debian-clang | 0.5-0 | 3.74 | 44.43 | 48.17 | OK | |
r-devel-linux-x86_64-debian-gcc | 0.5-0 | 4.00 | 45.07 | 49.07 | OK | |
r-devel-linux-x86_64-fedora-clang | 0.5-0 | 108.71 | OK | --no-stop-on-test-error | ||
r-devel-linux-x86_64-fedora-gcc | 0.5-0 | 104.75 | OK | --no-stop-on-test-error | ||
r-devel-windows-ix86+x86_64 | 0.5-0 | 16.00 | 105.00 | 121.00 | OK | |
r-patched-linux-x86_64 | 0.5-0 | 3.48 | 40.90 | 44.38 | OK | |
r-release-linux-x86_64 | 0.5-0 | 3.50 | 40.35 | 43.85 | OK | |
r-release-osx-x86_64-mavericks | 0.5-0 | ERROR | ||||
r-release-windows-ix86+x86_64 | 0.5-0 | 17.00 | 113.00 | 130.00 | OK | |
r-oldrel-windows-ix86+x86_64 | 0.5-0 | 3.00 | 3.00 | 6.00 | ERROR |
Version: 0.5-0
Check: package dependencies
Result: ERROR
Package required and available but unsuitable version: ‘miscF’
See section ‘The DESCRIPTION file’ in the ‘Writing R Extensions’
manual.
Flavor: r-release-osx-x86_64-mavericks
Version: 0.5-0
Check: whether package can be installed
Result: ERROR
Installation failed.
Flavor: r-oldrel-windows-ix86+x86_64