Last updated on 2017-02-24 23:52:14.
Flavor | Version | Tinstall | Tcheck | Ttotal | Status | Flags |
---|---|---|---|---|---|---|
r-devel-linux-x86_64-debian-clang | 2.1 | 6.26 | 58.96 | 65.22 | NOTE | |
r-devel-linux-x86_64-debian-gcc | 2.1 | 5.83 | 58.06 | 63.89 | NOTE | |
r-devel-linux-x86_64-fedora-clang | 2.1 | 136.13 | NOTE | --no-stop-on-test-error | ||
r-devel-linux-x86_64-fedora-gcc | 2.1 | 133.50 | NOTE | --no-stop-on-test-error | ||
r-devel-macos-x86_64-clang | 2.1 | 104.39 | NOTE | --no-stop-on-test-error | ||
r-devel-windows-ix86+x86_64 | 2.1 | 44.00 | 170.00 | 214.00 | OK | |
r-patched-linux-x86_64 | 2.1 | 5.19 | 51.68 | 56.87 | OK | |
r-patched-solaris-sparc | 2.1 | 652.80 | OK | |||
r-patched-solaris-x86 | 2.1 | 154.90 | OK | |||
r-release-linux-x86_64 | 2.1 | 4.92 | 50.72 | 55.64 | OK | |
r-release-osx-x86_64-mavericks | 2.1 | OK | ||||
r-release-windows-ix86+x86_64 | 2.1 | 21.00 | 106.00 | 127.00 | OK | |
r-oldrel-windows-ix86+x86_64 | 2.1 | 23.00 | 160.00 | 183.00 | OK |
Version: 2.1
Check: compiled code
Result: NOTE
File ‘alphahull/libs/alphahull.so’:
Found no calls to: ‘R_registerRoutines’, ‘R_useDynamicSymbols’
It is good practice to register native routines and to disable symbol
search.
See ‘Writing portable packages’ in the ‘Writing R Extensions’ manual.
Flavors: r-devel-linux-x86_64-debian-clang, r-devel-linux-x86_64-debian-gcc
Version: 2.1
Flags: --no-stop-on-test-error
Check: compiled code
Result: NOTE
File ‘alphahull/libs/alphahull.so’:
Found no calls to: ‘R_registerRoutines’, ‘R_useDynamicSymbols’
It is good practice to register native routines and to disable symbol
search.
See ‘Writing portable packages’ in the ‘Writing R Extensions’ manual.
Flavors: r-devel-linux-x86_64-fedora-clang, r-devel-linux-x86_64-fedora-gcc, r-devel-macos-x86_64-clang