Last updated on 2017-02-24 23:52:14.
Flavor | Version | Tinstall | Tcheck | Ttotal | Status | Flags |
---|---|---|---|---|---|---|
r-devel-linux-x86_64-debian-clang | 1.4.3 | 21.58 | 73.59 | 95.17 | NOTE | |
r-devel-linux-x86_64-debian-gcc | 1.4.3 | 22.40 | 72.80 | 95.20 | NOTE | |
r-devel-linux-x86_64-fedora-clang | 1.4.3 | 200.75 | NOTE | --no-stop-on-test-error | ||
r-devel-linux-x86_64-fedora-gcc | 1.4.3 | 191.72 | NOTE | --no-stop-on-test-error | ||
r-devel-macos-x86_64-clang | 1.4.3 | 137.92 | NOTE | --no-stop-on-test-error | ||
r-devel-windows-ix86+x86_64 | 1.4.3 | 128.00 | 208.00 | 336.00 | OK | |
r-patched-linux-x86_64 | 1.4.3 | 19.02 | 66.15 | 85.16 | OK | |
r-patched-solaris-sparc | 1.4.3 | 859.90 | NOTE | --no-vignettes | ||
r-patched-solaris-x86 | 1.4.3 | 180.70 | WARN | |||
r-release-linux-x86_64 | 1.4.3 | 18.92 | 64.79 | 83.71 | OK | |
r-release-osx-x86_64-mavericks | 1.4.3 | OK | ||||
r-release-windows-ix86+x86_64 | 1.4.3 | 91.00 | 196.00 | 287.00 | OK | |
r-oldrel-windows-ix86+x86_64 | 1.4.3 | 116.00 | 200.00 | 316.00 | OK |
Version: 1.4.3
Check: compiled code
Result: NOTE
File ‘apcluster/libs/apcluster.so’:
Found no calls to: ‘R_registerRoutines’, ‘R_useDynamicSymbols’
It is good practice to register native routines and to disable symbol
search.
See ‘Writing portable packages’ in the ‘Writing R Extensions’ manual.
Flavors: r-devel-linux-x86_64-debian-clang, r-devel-linux-x86_64-debian-gcc
Version: 1.4.3
Flags: --no-stop-on-test-error
Check: compiled code
Result: NOTE
File ‘apcluster/libs/apcluster.so’:
Found no calls to: ‘R_registerRoutines’, ‘R_useDynamicSymbols’
It is good practice to register native routines and to disable symbol
search.
See ‘Writing portable packages’ in the ‘Writing R Extensions’ manual.
Flavors: r-devel-linux-x86_64-fedora-clang, r-devel-linux-x86_64-fedora-gcc, r-devel-macos-x86_64-clang
Version: 1.4.3
Flags: --no-vignettes
Check: package dependencies
Result: NOTE
Package suggested but not available for checking: ‘kebabs’
Flavor: r-patched-solaris-sparc
Version: 1.4.3
Check: package dependencies
Result: NOTE
Package suggested but not available for checking: ‘kebabs’
Flavor: r-patched-solaris-x86
Version: 1.4.3
Check: re-building of vignette outputs
Result: WARN
Error in re-building vignettes:
...
Quitting from lines 31-44 (apcluster.Rnw)
Error: processing vignette 'apcluster.Rnw' failed with diagnostics:
there is no package called 'kebabs'
Execution halted
Flavor: r-patched-solaris-x86