Last updated on 2017-02-24 23:52:15.
Flavor | Version | Tinstall | Tcheck | Ttotal | Status | Flags |
---|---|---|---|---|---|---|
r-devel-linux-x86_64-debian-clang | 0.2-17 | 11.31 | 74.34 | 85.65 | OK | |
r-devel-linux-x86_64-debian-gcc | 0.2-17 | 11.26 | 73.95 | 85.21 | OK | |
r-devel-linux-x86_64-fedora-clang | 0.2-17 | 196.07 | OK | --no-stop-on-test-error | ||
r-devel-linux-x86_64-fedora-gcc | 0.2-17 | 184.05 | OK | --no-stop-on-test-error | ||
r-devel-macos-x86_64-clang | 0.2-17 | 143.86 | OK | --no-stop-on-test-error | ||
r-devel-windows-ix86+x86_64 | 0.2-17 | 105.00 | 245.00 | 350.00 | NOTE | |
r-patched-linux-x86_64 | 0.2-17 | 9.78 | 66.01 | 75.79 | OK | |
r-patched-solaris-sparc | 0.2-17 | 909.10 | OK | |||
r-patched-solaris-x86 | 0.2-17 | 204.10 | OK | |||
r-release-linux-x86_64 | 0.2-17 | 9.87 | 65.96 | 75.84 | OK | |
r-release-osx-x86_64-mavericks | 0.2-17 | OK | ||||
r-release-windows-ix86+x86_64 | 0.2-17 | 72.00 | 216.00 | 288.00 | NOTE | |
r-oldrel-windows-ix86+x86_64 | 0.2-17 | 95.00 | 227.00 | 322.00 | NOTE |
Version: 0.2-17
Check: installed package size
Result: NOTE
installed size is 14.8Mb
sub-directories of 1Mb or more:
bin 12.0Mb
misc 2.1Mb
Flavors: r-devel-windows-ix86+x86_64, r-release-windows-ix86+x86_64, r-oldrel-windows-ix86+x86_64