Last updated on 2017-02-24 23:52:15.
Flavor | Version | Tinstall | Tcheck | Ttotal | Status | Flags |
---|---|---|---|---|---|---|
r-devel-linux-x86_64-debian-clang | 1.3-4 | 4.40 | 104.14 | 108.54 | OK | |
r-devel-linux-x86_64-debian-gcc | 1.3-4 | 4.72 | 103.15 | 107.87 | OK | |
r-devel-linux-x86_64-fedora-clang | 1.3-4 | 169.65 | OK | --no-stop-on-test-error | ||
r-devel-linux-x86_64-fedora-gcc | 1.3-4 | 165.76 | OK | --no-stop-on-test-error | ||
r-devel-macos-x86_64-clang | 1.3-4 | 151.15 | OK | --no-stop-on-test-error | ||
r-devel-windows-ix86+x86_64 | 1.3-4 | 37.00 | 182.00 | 219.00 | OK | |
r-patched-linux-x86_64 | 1.3-4 | 4.16 | 104.04 | 108.20 | OK | |
r-patched-solaris-sparc | 1.3-4 | 1045.30 | OK | |||
r-patched-solaris-x86 | 1.3-4 | 191.20 | OK | |||
r-release-linux-x86_64 | 1.3-4 | 4.00 | 101.88 | 105.88 | OK | |
r-release-osx-x86_64-mavericks | 1.3-4 | WARN | ||||
r-release-windows-ix86+x86_64 | 1.3-4 | 17.00 | 212.00 | 229.00 | OK | |
r-oldrel-windows-ix86+x86_64 | 1.3-4 | 44.00 | 198.00 | 242.00 | OK |
Version: 1.3-4
Check: dependencies in R code
Result: NOTE
Invalid MIT-MAGIC-COOKIE-1 key
Flavor: r-release-osx-x86_64-mavericks
Version: 1.3-4
Check: S3 generic/method consistency
Result: WARN
Invalid MIT-MAGIC-COOKIE-1 key
See section ‘Generic functions and methods’ in the ‘Writing R
Extensions’ manual.
Flavor: r-release-osx-x86_64-mavericks
Version: 1.3-4
Check: replacement functions
Result: WARN
Invalid MIT-MAGIC-COOKIE-1 key
The argument of a replacement function which corresponds to the right
hand side must be named ‘value’.
Flavor: r-release-osx-x86_64-mavericks
Version: 1.3-4
Check: foreign function calls
Result: NOTE
Invalid MIT-MAGIC-COOKIE-1 key
See chapter ‘System and foreign language interfaces’ in the ‘Writing R
Extensions’ manual.
Flavor: r-release-osx-x86_64-mavericks
Version: 1.3-4
Check: R code for possible problems
Result: NOTE
Invalid MIT-MAGIC-COOKIE-1 key
Flavor: r-release-osx-x86_64-mavericks
Version: 1.3-4
Check: for missing documentation entries
Result: WARN
Invalid MIT-MAGIC-COOKIE-1 key
All user-level objects in a package should have documentation entries.
See chapter ‘Writing R documentation files’ in the ‘Writing R
Extensions’ manual.
Flavor: r-release-osx-x86_64-mavericks
Version: 1.3-4
Check: for code/documentation mismatches
Result: WARN
Invalid MIT-MAGIC-COOKIE-1 key
Invalid MIT-MAGIC-COOKIE-1 key
Invalid MIT-MAGIC-COOKIE-1 key
Flavor: r-release-osx-x86_64-mavericks
Version: 1.3-4
Check: Rd \usage sections
Result: NOTE
Invalid MIT-MAGIC-COOKIE-1 key
The \usage entries for S3 methods should use the \method markup and not
their full name.
See chapter ‘Writing R documentation files’ in the ‘Writing R
Extensions’ manual.
Flavor: r-release-osx-x86_64-mavericks