CRAN Package Check Results for Package autothresholdr

Last updated on 2017-02-24 23:52:15.

Flavor Version Tinstall Tcheck Ttotal Status Flags
r-devel-linux-x86_64-debian-clang 0.2.0 1.00 26.18 27.18 OK
r-devel-linux-x86_64-fedora-clang 0.2.0 31.09 NOTE --no-stop-on-test-error
r-devel-linux-x86_64-fedora-gcc 0.2.0 49.21 NOTE --no-stop-on-test-error
r-devel-macos-x86_64-clang 0.2.0 43.49 NOTE --no-stop-on-test-error
r-devel-windows-ix86+x86_64 0.2.0 7.00 93.00 100.00 OK
r-oldrel-windows-ix86+x86_64 0.2.0 10.00 126.00 136.00 NOTE

Check Details

Version: 0.2.0
Flags: --no-stop-on-test-error
Check: dependencies in R code
Result: NOTE
    Namespace in Imports field not imported from: ‘EBImage’
     All declared Imports should be used.
Flavors: r-devel-linux-x86_64-fedora-clang, r-devel-linux-x86_64-fedora-gcc, r-devel-macos-x86_64-clang

Version: 0.2.0
Check: dependencies in R code
Result: NOTE
    Namespace in Imports field not imported from: 'EBImage'
     All declared Imports should be used.
Flavor: r-oldrel-windows-ix86+x86_64