CRAN Package Check Results for Package bandit

Last updated on 2017-02-24 23:52:15.

Flavor Version Tinstall Tcheck Ttotal Status Flags
r-devel-linux-x86_64-debian-clang 0.5.0 0.70 12.94 13.65 NOTE
r-devel-linux-x86_64-debian-gcc 0.5.0 0.68 13.13 13.81 NOTE
r-devel-linux-x86_64-fedora-clang 0.5.0 22.18 NOTE --no-stop-on-test-error
r-devel-linux-x86_64-fedora-gcc 0.5.0 21.44 NOTE --no-stop-on-test-error
r-devel-macos-x86_64-clang 0.5.0 20.75 NOTE --no-stop-on-test-error
r-devel-windows-ix86+x86_64 0.5.0 9.00 29.00 38.00 NOTE
r-patched-linux-x86_64 0.5.0 0.64 10.55 11.19 NOTE
r-patched-solaris-sparc 0.5.0 126.40 NOTE
r-patched-solaris-x86 0.5.0 27.10 NOTE
r-release-linux-x86_64 0.5.0 0.61 10.47 11.08 NOTE
r-release-osx-x86_64-mavericks 0.5.0 NOTE
r-release-windows-ix86+x86_64 0.5.0 5.00 43.00 48.00 NOTE
r-oldrel-windows-ix86+x86_64 0.5.0 8.00 37.00 45.00 OK

Check Details

Version: 0.5.0
Check: R code for possible problems
Result: NOTE
    best_binomial_bandit : f: no visible global function definition for
     ‘dbeta’
    best_binomial_bandit : f: no visible global function definition for
     ‘pbeta’
    best_binomial_bandit: no visible global function definition for
     ‘integrate’
    best_poisson_bandit : f: no visible global function definition for
     ‘dgamma’
    best_poisson_bandit : f: no visible global function definition for
     ‘pgamma’
    best_poisson_bandit: no visible global function definition for
     ‘integrate’
    deseasonalized_trend: no visible global function definition for
     ‘predict’
    distribution_estimate: no visible global function definition for
     ‘quantile’
    distribution_estimate: no visible global function definition for
     ‘qbeta’
    significance_analysis: no visible global function definition for
     ‘prop.test’
    sim_post: no visible global function definition for ‘rbeta’
    summarize_metrics: no visible global function definition for ‘median’
    summarize_metrics: no visible global function definition for
     ‘prop.test’
    Undefined global functions or variables:
     dbeta dgamma integrate median pbeta pgamma predict prop.test qbeta
     quantile rbeta
    Consider adding
     importFrom("stats", "dbeta", "dgamma", "integrate", "median", "pbeta",
     "pgamma", "predict", "prop.test", "qbeta", "quantile",
     "rbeta")
    to your NAMESPACE file.
Flavors: r-devel-linux-x86_64-debian-clang, r-devel-linux-x86_64-debian-gcc, r-devel-windows-ix86+x86_64, r-patched-linux-x86_64, r-patched-solaris-sparc, r-patched-solaris-x86, r-release-linux-x86_64, r-release-osx-x86_64-mavericks, r-release-windows-ix86+x86_64

Version: 0.5.0
Flags: --no-stop-on-test-error
Check: R code for possible problems
Result: NOTE
    best_binomial_bandit : f: no visible global function definition for
     ‘dbeta’
    best_binomial_bandit : f: no visible global function definition for
     ‘pbeta’
    best_binomial_bandit: no visible global function definition for
     ‘integrate’
    best_poisson_bandit : f: no visible global function definition for
     ‘dgamma’
    best_poisson_bandit : f: no visible global function definition for
     ‘pgamma’
    best_poisson_bandit: no visible global function definition for
     ‘integrate’
    deseasonalized_trend: no visible global function definition for
     ‘predict’
    distribution_estimate: no visible global function definition for
     ‘quantile’
    distribution_estimate: no visible global function definition for
     ‘qbeta’
    significance_analysis: no visible global function definition for
     ‘prop.test’
    sim_post: no visible global function definition for ‘rbeta’
    summarize_metrics: no visible global function definition for ‘median’
    summarize_metrics: no visible global function definition for
     ‘prop.test’
    Undefined global functions or variables:
     dbeta dgamma integrate median pbeta pgamma predict prop.test qbeta
     quantile rbeta
    Consider adding
     importFrom("stats", "dbeta", "dgamma", "integrate", "median", "pbeta",
     "pgamma", "predict", "prop.test", "qbeta", "quantile",
     "rbeta")
    to your NAMESPACE file.
Flavors: r-devel-linux-x86_64-fedora-clang, r-devel-linux-x86_64-fedora-gcc, r-devel-macos-x86_64-clang