Last updated on 2017-02-24 23:52:16.
Flavor | Version | Tinstall | Tcheck | Ttotal | Status | Flags |
---|---|---|---|---|---|---|
r-devel-linux-x86_64-debian-clang | 2.6 | 43.13 | 55.96 | 99.08 | NOTE | |
r-devel-linux-x86_64-debian-gcc | 2.6 | 44.54 | 55.22 | 99.75 | NOTE | |
r-devel-linux-x86_64-fedora-clang | 2.6 | 240.01 | NOTE | --no-stop-on-test-error | ||
r-devel-linux-x86_64-fedora-gcc | 2.6 | 197.07 | NOTE | --no-stop-on-test-error | ||
r-devel-macos-x86_64-clang | 2.6 | 167.75 | NOTE | --no-stop-on-test-error | ||
r-devel-windows-ix86+x86_64 | 2.6 | 336.00 | 166.00 | 502.00 | OK | |
r-patched-linux-x86_64 | 2.6 | 39.32 | 53.00 | 92.32 | OK | |
r-patched-solaris-sparc | 2.6 | 1074.30 | OK | |||
r-patched-solaris-x86 | 2.6 | 204.00 | OK | |||
r-release-linux-x86_64 | 2.6 | 39.75 | 52.56 | 92.31 | OK | |
r-release-osx-x86_64-mavericks | 2.6 | OK | ||||
r-release-windows-ix86+x86_64 | 2.6 | 251.00 | 164.00 | 415.00 | OK | |
r-oldrel-windows-ix86+x86_64 | 2.6 | 215.00 | 198.00 | 413.00 | OK |
Version: 2.6
Check: compiled code
Result: NOTE
File ‘bayesSurv/libs/bayesSurv.so’:
Found no calls to: ‘R_registerRoutines’, ‘R_useDynamicSymbols’
It is good practice to register native routines and to disable symbol
search.
See ‘Writing portable packages’ in the ‘Writing R Extensions’ manual.
Flavors: r-devel-linux-x86_64-debian-clang, r-devel-linux-x86_64-debian-gcc
Version: 2.6
Flags: --no-stop-on-test-error
Check: compiled code
Result: NOTE
File ‘bayesSurv/libs/bayesSurv.so’:
Found no calls to: ‘R_registerRoutines’, ‘R_useDynamicSymbols’
It is good practice to register native routines and to disable symbol
search.
See ‘Writing portable packages’ in the ‘Writing R Extensions’ manual.
Flavors: r-devel-linux-x86_64-fedora-clang, r-devel-linux-x86_64-fedora-gcc, r-devel-macos-x86_64-clang
Version: 2.6
Flags: --no-stop-on-test-error
Check: installed package size
Result: NOTE
installed size is 6.1Mb
sub-directories of 1Mb or more:
libs 5.1Mb
Flavor: r-devel-linux-x86_64-fedora-gcc