Last updated on 2017-02-24 23:52:16.
Flavor | Version | Tinstall | Tcheck | Ttotal | Status | Flags |
---|---|---|---|---|---|---|
r-devel-linux-x86_64-debian-clang | 4.5.19 | 38.10 | 27.46 | 65.56 | NOTE | |
r-devel-linux-x86_64-debian-gcc | 4.5.19 | 35.73 | 27.82 | 63.56 | NOTE | |
r-devel-linux-x86_64-fedora-clang | 4.5.19 | 125.42 | NOTE | --no-stop-on-test-error | ||
r-devel-linux-x86_64-fedora-gcc | 4.5.19 | 117.60 | NOTE | --no-stop-on-test-error | ||
r-devel-macos-x86_64-clang | 4.5.19 | 89.80 | NOTE | --no-stop-on-test-error | ||
r-devel-windows-ix86+x86_64 | 4.5.19 | 276.00 | 104.00 | 380.00 | NOTE | |
r-patched-linux-x86_64 | 4.5.19 | 31.10 | 22.36 | 53.45 | OK | |
r-patched-solaris-sparc | 4.5.19 | 584.80 | OK | |||
r-patched-solaris-x86 | 4.5.19 | 117.90 | OK | |||
r-release-linux-x86_64 | 4.5.19 | 31.86 | 22.86 | 54.71 | OK | |
r-release-osx-x86_64-mavericks | 4.5.19 | OK | ||||
r-release-windows-ix86+x86_64 | 4.5.19 | 200.00 | 73.00 | 273.00 | NOTE | |
r-oldrel-windows-ix86+x86_64 | 4.5.19 | 249.00 | 93.00 | 342.00 | NOTE |
Memtest notes: valgrind valgrind
Version: 4.5.19
Check: compiled code
Result: NOTE
File ‘bigmemory/libs/bigmemory.so’:
Found no calls to: ‘R_registerRoutines’, ‘R_useDynamicSymbols’
It is good practice to register native routines and to disable symbol
search.
See ‘Writing portable packages’ in the ‘Writing R Extensions’ manual.
Flavors: r-devel-linux-x86_64-debian-clang, r-devel-linux-x86_64-debian-gcc
Version: 4.5.19
Flags: --no-stop-on-test-error
Check: compiled code
Result: NOTE
File ‘bigmemory/libs/bigmemory.so’:
Found no calls to: ‘R_registerRoutines’, ‘R_useDynamicSymbols’
It is good practice to register native routines and to disable symbol
search.
See ‘Writing portable packages’ in the ‘Writing R Extensions’ manual.
Flavors: r-devel-linux-x86_64-fedora-clang, r-devel-linux-x86_64-fedora-gcc, r-devel-macos-x86_64-clang
Version: 4.5.19
Flags: --no-stop-on-test-error
Check: installed package size
Result: NOTE
installed size is 5.7Mb
sub-directories of 1Mb or more:
libs 5.2Mb
Flavor: r-devel-linux-x86_64-fedora-gcc
Version: 4.5.19
Check: package dependencies
Result: NOTE
Package which this enhances but not available for checking: 'synchronicity'
Flavors: r-devel-windows-ix86+x86_64, r-release-windows-ix86+x86_64, r-oldrel-windows-ix86+x86_64