CRAN Package Check Results for Package bnormnlr

Last updated on 2017-02-24 23:52:17.

Flavor Version Tinstall Tcheck Ttotal Status Flags
r-devel-linux-x86_64-debian-clang 1.0 0.66 32.40 33.06 NOTE
r-devel-linux-x86_64-debian-gcc 1.0 0.62 32.44 33.06 NOTE
r-devel-linux-x86_64-fedora-clang 1.0 67.68 NOTE --no-stop-on-test-error
r-devel-linux-x86_64-fedora-gcc 1.0 63.43 NOTE --no-stop-on-test-error
r-devel-macos-x86_64-clang 1.0 49.66 NOTE --no-stop-on-test-error
r-devel-windows-ix86+x86_64 1.0 7.00 82.00 89.00 NOTE
r-patched-linux-x86_64 1.0 0.55 26.58 27.13 NOTE
r-patched-solaris-sparc 1.0 352.50 NOTE
r-patched-solaris-x86 1.0 64.60 NOTE
r-release-linux-x86_64 1.0 0.54 27.95 28.48 NOTE
r-release-osx-x86_64-mavericks 1.0 NOTE
r-release-windows-ix86+x86_64 1.0 4.00 76.00 80.00 NOTE
r-oldrel-windows-ix86+x86_64 1.0 8.00 99.00 107.00 OK

Check Details

Version: 1.0
Check: R code for possible problems
Result: NOTE
    bnlr: no visible global function definition for ‘dnorm’
    bnlr: no visible global function definition for ‘runif’
    chainsum : <anonymous>: no visible global function definition for
     ‘quantile’
    infocrit: no visible global function definition for ‘dnorm’
    Undefined global functions or variables:
     dnorm quantile runif
    Consider adding
     importFrom("stats", "dnorm", "quantile", "runif")
    to your NAMESPACE file.
Flavors: r-devel-linux-x86_64-debian-clang, r-devel-linux-x86_64-debian-gcc, r-devel-windows-ix86+x86_64, r-patched-linux-x86_64, r-patched-solaris-sparc, r-patched-solaris-x86, r-release-linux-x86_64, r-release-osx-x86_64-mavericks, r-release-windows-ix86+x86_64

Version: 1.0
Flags: --no-stop-on-test-error
Check: R code for possible problems
Result: NOTE
    bnlr: no visible global function definition for ‘dnorm’
    bnlr: no visible global function definition for ‘runif’
    chainsum : <anonymous>: no visible global function definition for
     ‘quantile’
    infocrit: no visible global function definition for ‘dnorm’
    Undefined global functions or variables:
     dnorm quantile runif
    Consider adding
     importFrom("stats", "dnorm", "quantile", "runif")
    to your NAMESPACE file.
Flavors: r-devel-linux-x86_64-fedora-clang, r-devel-linux-x86_64-fedora-gcc, r-devel-macos-x86_64-clang