Last updated on 2017-02-24 23:52:17.
Flavor | Version | Tinstall | Tcheck | Ttotal | Status | Flags |
---|---|---|---|---|---|---|
r-devel-linux-x86_64-debian-clang | 1.0.0 | 1.00 | 20.93 | 21.94 | NOTE | |
r-devel-linux-x86_64-debian-gcc | 1.0.0 | 0.95 | 19.45 | 20.40 | NOTE | |
r-devel-linux-x86_64-fedora-clang | 1.0.0 | 36.46 | NOTE | --no-stop-on-test-error | ||
r-devel-linux-x86_64-fedora-gcc | 1.0.0 | 35.28 | NOTE | --no-stop-on-test-error | ||
r-devel-macos-x86_64-clang | 1.0.0 | 31.55 | NOTE | --no-stop-on-test-error | ||
r-devel-windows-ix86+x86_64 | 1.0.0 | 11.00 | 53.00 | 64.00 | NOTE | |
r-patched-linux-x86_64 | 1.0.0 | 0.90 | 15.11 | 16.01 | NOTE | |
r-patched-solaris-sparc | 1.0.0 | 185.10 | NOTE | |||
r-patched-solaris-x86 | 1.0.0 | 38.40 | NOTE | |||
r-release-linux-x86_64 | 1.0.0 | 0.98 | 15.19 | 16.17 | NOTE | |
r-release-osx-x86_64-mavericks | 1.0.0 | NOTE | ||||
r-release-windows-ix86+x86_64 | 1.0.0 | 7.00 | 35.00 | 42.00 | NOTE | |
r-oldrel-windows-ix86+x86_64 | 1.0.0 | 14.00 | 48.00 | 62.00 | NOTE |
Version: 1.0.0
Check: DESCRIPTION meta-information
Result: NOTE
Malformed Title field: should not end in a period.
Flavors: r-devel-linux-x86_64-debian-clang, r-devel-linux-x86_64-debian-gcc, r-devel-windows-ix86+x86_64, r-patched-linux-x86_64, r-patched-solaris-sparc, r-patched-solaris-x86, r-release-linux-x86_64, r-release-osx-x86_64-mavericks, r-release-windows-ix86+x86_64, r-oldrel-windows-ix86+x86_64
Version: 1.0.0
Check: R code for possible problems
Result: NOTE
boostBackend: no visible global function definition for ‘model.frame’
findFormulaIn: no visible global function definition for ‘as.formula’
kFoldCV: no visible binding for global variable ‘par’
predictResponseFromWeightedAverage: no visible global function
definition for ‘weighted.mean’
print.boostr: no visible global function definition for ‘str’
Undefined global functions or variables:
as.formula model.frame par str weighted.mean
Consider adding
importFrom("graphics", "par")
importFrom("stats", "as.formula", "model.frame", "weighted.mean")
importFrom("utils", "str")
to your NAMESPACE file.
Flavors: r-devel-linux-x86_64-debian-clang, r-devel-linux-x86_64-debian-gcc, r-devel-windows-ix86+x86_64, r-patched-linux-x86_64, r-patched-solaris-sparc, r-patched-solaris-x86, r-release-linux-x86_64, r-release-osx-x86_64-mavericks, r-release-windows-ix86+x86_64
Version: 1.0.0
Flags: --no-stop-on-test-error
Check: DESCRIPTION meta-information
Result: NOTE
Malformed Title field: should not end in a period.
Flavors: r-devel-linux-x86_64-fedora-clang, r-devel-linux-x86_64-fedora-gcc, r-devel-macos-x86_64-clang
Version: 1.0.0
Flags: --no-stop-on-test-error
Check: R code for possible problems
Result: NOTE
boostBackend: no visible global function definition for ‘model.frame’
findFormulaIn: no visible global function definition for ‘as.formula’
kFoldCV: no visible binding for global variable ‘par’
predictResponseFromWeightedAverage: no visible global function
definition for ‘weighted.mean’
print.boostr: no visible global function definition for ‘str’
Undefined global functions or variables:
as.formula model.frame par str weighted.mean
Consider adding
importFrom("graphics", "par")
importFrom("stats", "as.formula", "model.frame", "weighted.mean")
importFrom("utils", "str")
to your NAMESPACE file.
Flavors: r-devel-linux-x86_64-fedora-clang, r-devel-linux-x86_64-fedora-gcc, r-devel-macos-x86_64-clang