CRAN Package Check Results for Package bootstrap

Last updated on 2017-02-24 23:52:17.

Flavor Version Tinstall Tcheck Ttotal Status Flags
r-devel-linux-x86_64-debian-clang 2015.2 1.75 20.15 21.89 NOTE
r-devel-linux-x86_64-debian-gcc 2015.2 1.17 19.96 21.13 NOTE
r-devel-linux-x86_64-fedora-clang 2015.2 36.77 NOTE --no-stop-on-test-error
r-devel-linux-x86_64-fedora-gcc 2015.2 35.31 NOTE --no-stop-on-test-error
r-devel-macos-x86_64-clang 2015.2 31.97 NOTE --no-stop-on-test-error
r-devel-windows-ix86+x86_64 2015.2 8.00 82.00 90.00 OK
r-patched-linux-x86_64 2015.2 1.07 17.66 18.73 OK
r-patched-solaris-sparc 2015.2 218.60 OK
r-patched-solaris-x86 2015.2 41.30 OK
r-release-linux-x86_64 2015.2 1.08 18.47 19.55 OK
r-release-osx-x86_64-mavericks 2015.2 OK
r-release-windows-ix86+x86_64 2015.2 6.00 55.00 61.00 OK
r-oldrel-windows-ix86+x86_64 2015.2 6.00 51.00 57.00 OK

Check Details

Version: 2015.2
Check: compiled code
Result: NOTE
    File ‘bootstrap/libs/bootstrap.so’:
     Found no calls to: ‘R_registerRoutines’, ‘R_useDynamicSymbols’
    
    It is good practice to register native routines and to disable symbol
    search.
    
    See ‘Writing portable packages’ in the ‘Writing R Extensions’ manual.
Flavors: r-devel-linux-x86_64-debian-clang, r-devel-linux-x86_64-debian-gcc

Version: 2015.2
Flags: --no-stop-on-test-error
Check: compiled code
Result: NOTE
    File ‘bootstrap/libs/bootstrap.so’:
     Found no calls to: ‘R_registerRoutines’, ‘R_useDynamicSymbols’
    
    It is good practice to register native routines and to disable symbol
    search.
    
    See ‘Writing portable packages’ in the ‘Writing R Extensions’ manual.
Flavors: r-devel-linux-x86_64-fedora-clang, r-devel-linux-x86_64-fedora-gcc, r-devel-macos-x86_64-clang