Last updated on 2017-02-24 23:52:18.
Flavor | Version | Tinstall | Tcheck | Ttotal | Status | Flags |
---|---|---|---|---|---|---|
r-devel-linux-x86_64-debian-clang | 1.2.1 | 1.04 | 58.34 | 59.38 | OK | |
r-devel-linux-x86_64-debian-gcc | 1.2.1 | 1.08 | 56.48 | 57.56 | OK | |
r-devel-linux-x86_64-fedora-clang | 1.2.1 | 112.91 | OK | --no-stop-on-test-error | ||
r-devel-linux-x86_64-fedora-gcc | 1.2.1 | 111.85 | OK | --no-stop-on-test-error | ||
r-devel-macos-x86_64-clang | 1.2.1 | 110.41 | OK | --no-stop-on-test-error | ||
r-devel-windows-ix86+x86_64 | 1.2.1 | 21.00 | 119.00 | 140.00 | WARN | |
r-patched-linux-x86_64 | 1.2.1 | 1.11 | 56.16 | 57.27 | OK | |
r-patched-solaris-sparc | 1.2.1 | 523.00 | OK | |||
r-patched-solaris-x86 | 1.2.1 | 123.70 | OK | |||
r-release-linux-x86_64 | 1.2.1 | 1.06 | 56.25 | 57.31 | OK | |
r-release-osx-x86_64-mavericks | 1.2.1 | OK | ||||
r-release-windows-ix86+x86_64 | 1.2.1 | 8.00 | 216.00 | 224.00 | OK | |
r-oldrel-windows-ix86+x86_64 | 1.2.1 | 18.00 | 216.00 | 234.00 | OK |
Version: 1.2.1
Check: re-building of vignette outputs
Result: WARN
Error in re-building vignettes:
...
Warning: running command '"D:\compiler\texmf\miktex\bin\texify.exe" --quiet --pdf "multivariate-birth2.tex" --max-iterations=20 -I "D:/RCompile/recent/R/share/texmf/tex/latex" -I "D:/RCompile/recent/R/share/texmf/bibtex/bst"' had status 1
Error in find_vignette_product(name, by = "texi2pdf", engine = engine) :
Failed to locate the 'texi2pdf' output file (by engine 'utils::Sweave') for vignette with name 'multivariate-birth2'. The following files exist in directory '.': 'altbin-teratology.Rnw', 'altbin-teratology.aux', 'altbin-teratology.log', 'altbin-teratology.pdf', 'altbin-teratology.tex', 'binary-unemployment.Rnw', 'binary-unemployment.aux', 'binary-unemployment.log', 'binary-unemployment.pdf', 'binary-unemployment.tex', 'binary-vaso.Rnw', 'binary-vaso.aux', 'binary-vaso.log', 'binary-vaso.pdf', 'binary-vaso.tex', 'count-children.Rnw', 'count-children.aux', 'count-children.log', 'count-children.pdf', 'count-children.tex', 'count-encephalitis.Rnw', 'count-encephalitis.aux', 'count-encephalitis.log', 'count-encephalitis.pdf', 'count-encephalitis.tex', 'count-insolvency.Rnw', 'count-insolvency.aux', 'count-insolvency.log', 'count-insolvency.pdf', 'count-insolvency.tex', 'count-medcare.Rnw', 'count-medcare.aux', 'count-medcare.log', 'count-medcare.pdf', 'count-medcare.tex', 'disc_co
Calls: buildVignettes -> find_vignette_product
Execution halted
Flavor: r-devel-windows-ix86+x86_64