Last updated on 2017-02-24 23:52:20.
Flavor | Version | Tinstall | Tcheck | Ttotal | Status | Flags |
---|---|---|---|---|---|---|
r-devel-linux-x86_64-debian-clang | 0.1.3 | 1.71 | 24.62 | 26.33 | NOTE | |
r-devel-linux-x86_64-debian-gcc | 0.1.3 | 1.49 | 24.68 | 26.17 | NOTE | |
r-devel-linux-x86_64-fedora-clang | 0.1.3 | 50.17 | NOTE | --no-stop-on-test-error | ||
r-devel-linux-x86_64-fedora-gcc | 0.1.3 | 48.29 | NOTE | --no-stop-on-test-error | ||
r-devel-macos-x86_64-clang | 0.1.3 | 71.13 | NOTE | --no-stop-on-test-error | ||
r-devel-windows-ix86+x86_64 | 0.1.3 | 23.00 | 58.00 | 81.00 | OK | |
r-patched-linux-x86_64 | 0.1.3 | 1.39 | 21.63 | 23.02 | OK | |
r-patched-solaris-sparc | 0.1.3 | 323.00 | NOTE | |||
r-patched-solaris-x86 | 0.1.3 | 62.60 | NOTE | |||
r-release-linux-x86_64 | 0.1.3 | 1.35 | 21.75 | 23.10 | OK | |
r-release-osx-x86_64-mavericks | 0.1.3 | NOTE | ||||
r-release-windows-ix86+x86_64 | 0.1.3 | 19.00 | 66.00 | 85.00 | OK | |
r-oldrel-windows-ix86+x86_64 | 0.1.3 | 20.00 | 75.00 | 95.00 | NOTE |
Version: 0.1.3
Check: compiled code
Result: NOTE
File ‘coRanking/libs/coRanking.so’:
Found no calls to: ‘R_registerRoutines’, ‘R_useDynamicSymbols’
It is good practice to register native routines and to disable symbol
search.
See ‘Writing portable packages’ in the ‘Writing R Extensions’ manual.
Flavors: r-devel-linux-x86_64-debian-clang, r-devel-linux-x86_64-debian-gcc
Version: 0.1.3
Flags: --no-stop-on-test-error
Check: dependencies in R code
Result: NOTE
Namespaces in Imports field not imported from:
‘Rtsne’ ‘scatterplot3d’
All declared Imports should be used.
Flavors: r-devel-linux-x86_64-fedora-clang, r-devel-linux-x86_64-fedora-gcc, r-devel-macos-x86_64-clang
Version: 0.1.3
Flags: --no-stop-on-test-error
Check: compiled code
Result: NOTE
File ‘coRanking/libs/coRanking.so’:
Found no calls to: ‘R_registerRoutines’, ‘R_useDynamicSymbols’
It is good practice to register native routines and to disable symbol
search.
See ‘Writing portable packages’ in the ‘Writing R Extensions’ manual.
Flavors: r-devel-linux-x86_64-fedora-clang, r-devel-linux-x86_64-fedora-gcc, r-devel-macos-x86_64-clang
Version: 0.1.3
Check: dependencies in R code
Result: NOTE
Namespaces in Imports field not imported from:
‘Rtsne’ ‘scatterplot3d’
All declared Imports should be used.
Flavors: r-patched-solaris-sparc, r-patched-solaris-x86, r-release-osx-x86_64-mavericks, r-oldrel-windows-ix86+x86_64