CRAN Package Check Results for Package coexist

Last updated on 2017-02-24 23:52:19.

Flavor Version Tinstall Tcheck Ttotal Status Flags
r-devel-linux-x86_64-debian-clang 1.0 0.88 15.36 16.24 NOTE
r-devel-linux-x86_64-debian-gcc 1.0 0.82 15.61 16.43 NOTE
r-devel-linux-x86_64-fedora-clang 1.0 27.12 NOTE --no-stop-on-test-error
r-devel-linux-x86_64-fedora-gcc 1.0 25.94 NOTE --no-stop-on-test-error
r-devel-macos-x86_64-clang 1.0 24.77 NOTE --no-stop-on-test-error
r-devel-windows-ix86+x86_64 1.0 4.00 39.00 43.00 NOTE
r-patched-linux-x86_64 1.0 0.84 13.68 14.53 NOTE
r-patched-solaris-sparc 1.0 165.80 NOTE
r-patched-solaris-x86 1.0 31.80 NOTE
r-release-linux-x86_64 1.0 0.83 13.69 14.52 NOTE
r-release-osx-x86_64-mavericks 1.0 NOTE
r-release-windows-ix86+x86_64 1.0 3.00 31.00 34.00 NOTE
r-oldrel-windows-ix86+x86_64 1.0 4.00 28.00 32.00 NOTE

Check Details

Version: 1.0
Check: DESCRIPTION meta-information
Result: NOTE
    Malformed Description field: should contain one or more complete sentences.
Flavors: r-devel-linux-x86_64-debian-clang, r-devel-linux-x86_64-debian-gcc, r-devel-windows-ix86+x86_64, r-patched-linux-x86_64, r-patched-solaris-sparc, r-patched-solaris-x86, r-release-linux-x86_64, r-release-osx-x86_64-mavericks, r-release-windows-ix86+x86_64, r-oldrel-windows-ix86+x86_64

Version: 1.0
Check: R code for possible problems
Result: NOTE
    batch.pdf.onepar: no visible global function definition for ‘runif’
    batch.pdf.onepar: no visible global function definition for ‘pdf’
    batch.pdf.onepar: no visible global function definition for ‘par’
    batch.pdf.onepar: no visible global function definition for ‘dev.off’
    batch.pdf.pairpar: no visible global function definition for ‘runif’
    batch.pdf.pairpar: no visible global function definition for ‘pdf’
    batch.pdf.pairpar: no visible global function definition for ‘par’
    batch.pdf.pairpar: no visible global function definition for ‘dev.off’
    fast.flexsim: no visible global function definition for ‘write.table’
    filename.check: no visible global function definition for ‘runif’
    flex.dispersal: no visible global function definition for ‘rnorm’
    flexsim: no visible global function definition for ‘write.table’
    make.heatmap: no visible global function definition for ‘plot’
    make.heatmap: no visible global function definition for ‘axis’
    make.heatmap: no visible global function definition for ‘mtext’
    make.heatmap: no visible global function definition for ‘rect’
    make.heatmap: no visible global function definition for ‘gray’
    make.parcomb: no visible global function definition for ‘write.table’
    plot_n2n: no visible global function definition for ‘runif’
    plot_n2n: no visible global function definition for ‘pdf’
    plot_n2n: no visible global function definition for ‘par’
    plot_n2n: no visible global function definition for ‘barplot’
    plot_n2n: no visible global function definition for ‘text’
    plot_n2n: no visible global function definition for ‘axis’
    plot_n2n: no visible global function definition for ‘mtext’
    plot_n2n: no visible global function definition for ‘dev.off’
    read.data: no visible global function definition for ‘read.table’
    read.data: no visible global function definition for ‘count.fields’
    read.patchdata: no visible global function definition for
     ‘count.fields’
    sim.coarse: no visible global function definition for ‘write.table’
    sta.mpaircomparison: no visible global function definition for ‘var’
    sta.paircomparison: no visible global function definition for ‘var’
    Undefined global functions or variables:
     axis barplot count.fields dev.off gray mtext par pdf plot read.table
     rect rnorm runif text var write.table
    Consider adding
     importFrom("grDevices", "dev.off", "gray", "pdf")
     importFrom("graphics", "axis", "barplot", "mtext", "par", "plot",
     "rect", "text")
     importFrom("stats", "rnorm", "runif", "var")
     importFrom("utils", "count.fields", "read.table", "write.table")
    to your NAMESPACE file.
Flavors: r-devel-linux-x86_64-debian-clang, r-devel-linux-x86_64-debian-gcc, r-devel-windows-ix86+x86_64, r-patched-linux-x86_64, r-patched-solaris-sparc, r-patched-solaris-x86, r-release-linux-x86_64, r-release-osx-x86_64-mavericks, r-release-windows-ix86+x86_64

Version: 1.0
Check: Rd line widths
Result: NOTE
    Rd file 'fast.flexsim.Rd':
     \usage lines wider than 90 characters:
     fast.flexsim(scale = 2, island,dispersalscale = 51, allee = 1, T = 1000, initp,parcombination, spnum = 2, sourcetype = "constant", type ... [TRUNCATED]
    
    Rd file 'flexsim.Rd':
     \usage lines wider than 90 characters:
     flexsim(scale = 2, dispersalscale = 51, allee = 1, T = 1000, prange, initp,spnum = 2, island=10, sourcetype = "constant", type, path = ... [TRUNCATED]
    
    Rd file 'make.heatmap.Rd':
     \usage lines wider than 90 characters:
     make.heatmap(mat, type = "gray", xname = "x", yname = "y", xlab = NULL, ylab = NULL, title = NULL)
    
    Rd file 'sim.coarse.Rd':
     \usage lines wider than 90 characters:
     sim.coarse(island=10,scale = 2, dispersalscale = 51, allee = 1, T = 1000, prange, type, initp, path = NULL)
    
    These lines will be truncated in the PDF manual.
Flavors: r-devel-linux-x86_64-debian-clang, r-devel-linux-x86_64-debian-gcc, r-patched-linux-x86_64, r-release-linux-x86_64

Version: 1.0
Flags: --no-stop-on-test-error
Check: DESCRIPTION meta-information
Result: NOTE
    Malformed Description field: should contain one or more complete sentences.
Flavors: r-devel-linux-x86_64-fedora-clang, r-devel-linux-x86_64-fedora-gcc, r-devel-macos-x86_64-clang

Version: 1.0
Flags: --no-stop-on-test-error
Check: R code for possible problems
Result: NOTE
    batch.pdf.onepar: no visible global function definition for ‘runif’
    batch.pdf.onepar: no visible global function definition for ‘pdf’
    batch.pdf.onepar: no visible global function definition for ‘par’
    batch.pdf.onepar: no visible global function definition for ‘dev.off’
    batch.pdf.pairpar: no visible global function definition for ‘runif’
    batch.pdf.pairpar: no visible global function definition for ‘pdf’
    batch.pdf.pairpar: no visible global function definition for ‘par’
    batch.pdf.pairpar: no visible global function definition for ‘dev.off’
    fast.flexsim: no visible global function definition for ‘write.table’
    filename.check: no visible global function definition for ‘runif’
    flex.dispersal: no visible global function definition for ‘rnorm’
    flexsim: no visible global function definition for ‘write.table’
    make.heatmap: no visible global function definition for ‘plot’
    make.heatmap: no visible global function definition for ‘axis’
    make.heatmap: no visible global function definition for ‘mtext’
    make.heatmap: no visible global function definition for ‘rect’
    make.heatmap: no visible global function definition for ‘gray’
    make.parcomb: no visible global function definition for ‘write.table’
    plot_n2n: no visible global function definition for ‘runif’
    plot_n2n: no visible global function definition for ‘pdf’
    plot_n2n: no visible global function definition for ‘par’
    plot_n2n: no visible global function definition for ‘barplot’
    plot_n2n: no visible global function definition for ‘text’
    plot_n2n: no visible global function definition for ‘axis’
    plot_n2n: no visible global function definition for ‘mtext’
    plot_n2n: no visible global function definition for ‘dev.off’
    read.data: no visible global function definition for ‘read.table’
    read.data: no visible global function definition for ‘count.fields’
    read.patchdata: no visible global function definition for
     ‘count.fields’
    sim.coarse: no visible global function definition for ‘write.table’
    sta.mpaircomparison: no visible global function definition for ‘var’
    sta.paircomparison: no visible global function definition for ‘var’
    Undefined global functions or variables:
     axis barplot count.fields dev.off gray mtext par pdf plot read.table
     rect rnorm runif text var write.table
    Consider adding
     importFrom("grDevices", "dev.off", "gray", "pdf")
     importFrom("graphics", "axis", "barplot", "mtext", "par", "plot",
     "rect", "text")
     importFrom("stats", "rnorm", "runif", "var")
     importFrom("utils", "count.fields", "read.table", "write.table")
    to your NAMESPACE file.
Flavors: r-devel-linux-x86_64-fedora-clang, r-devel-linux-x86_64-fedora-gcc, r-devel-macos-x86_64-clang

Version: 1.0
Flags: --no-stop-on-test-error
Check: Rd line widths
Result: NOTE
    Rd file 'fast.flexsim.Rd':
     \usage lines wider than 90 characters:
     fast.flexsim(scale = 2, island,dispersalscale = 51, allee = 1, T = 1000, initp,parcombination, spnum = 2, sourcetype = "constant", type ... [TRUNCATED]
    
    Rd file 'flexsim.Rd':
     \usage lines wider than 90 characters:
     flexsim(scale = 2, dispersalscale = 51, allee = 1, T = 1000, prange, initp,spnum = 2, island=10, sourcetype = "constant", type, path = ... [TRUNCATED]
    
    Rd file 'make.heatmap.Rd':
     \usage lines wider than 90 characters:
     make.heatmap(mat, type = "gray", xname = "x", yname = "y", xlab = NULL, ylab = NULL, title = NULL)
    
    Rd file 'sim.coarse.Rd':
     \usage lines wider than 90 characters:
     sim.coarse(island=10,scale = 2, dispersalscale = 51, allee = 1, T = 1000, prange, type, initp, path = NULL)
    
    These lines will be truncated in the PDF manual.
Flavors: r-devel-linux-x86_64-fedora-clang, r-devel-linux-x86_64-fedora-gcc