Last updated on 2017-02-24 23:52:19.
Flavor | Version | Tinstall | Tcheck | Ttotal | Status | Flags |
---|---|---|---|---|---|---|
r-devel-linux-x86_64-debian-clang | 0.5-3 | 1.56 | 110.96 | 112.52 | OK | |
r-devel-linux-x86_64-debian-gcc | 0.5-3 | 1.56 | 112.32 | 113.88 | OK | |
r-devel-linux-x86_64-fedora-clang | 0.5-3 | 211.80 | NOTE | --no-stop-on-test-error | ||
r-devel-linux-x86_64-fedora-gcc | 0.5-3 | 207.54 | NOTE | --no-stop-on-test-error | ||
r-devel-macos-x86_64-clang | 0.5-3 | 165.86 | NOTE | --no-stop-on-test-error | ||
r-devel-windows-ix86+x86_64 | 0.5-3 | 15.00 | 206.00 | 221.00 | OK | |
r-patched-linux-x86_64 | 0.5-3 | 1.70 | 110.32 | 112.02 | OK | |
r-patched-solaris-sparc | 0.5-3 | 1270.00 | NOTE | |||
r-patched-solaris-x86 | 0.5-3 | 218.20 | NOTE | |||
r-release-linux-x86_64 | 0.5-3 | 1.47 | 107.36 | 108.84 | OK | |
r-release-osx-x86_64-mavericks | 0.5-3 | WARN | ||||
r-release-windows-ix86+x86_64 | 0.5-3 | 8.00 | 270.00 | 278.00 | OK | |
r-oldrel-windows-ix86+x86_64 | 0.5-3 | 25.00 | 408.00 | 433.00 | NOTE |
Version: 0.5-3
Flags: --no-stop-on-test-error
Check: data for non-ASCII characters
Result: NOTE
Note: found 1 marked UTF-8 string
Flavors: r-devel-linux-x86_64-fedora-clang, r-devel-linux-x86_64-fedora-gcc, r-devel-macos-x86_64-clang
Version: 0.5-3
Check: data for non-ASCII characters
Result: NOTE
Note: found 1 marked UTF-8 string
Flavors: r-patched-solaris-sparc, r-patched-solaris-x86, r-release-osx-x86_64-mavericks, r-oldrel-windows-ix86+x86_64
Version: 0.5-3
Check: dependencies in R code
Result: NOTE
Invalid MIT-MAGIC-COOKIE-1 key
Flavor: r-release-osx-x86_64-mavericks
Version: 0.5-3
Check: re-building of vignette outputs
Result: WARN
Error in re-building vignettes:
...
See the LaTeX manual or LaTeX Companion for explanation.
Type H <return> for immediate help.
...
! LaTeX Error: Unknown float option `H'.
See the LaTeX manual or LaTeX Companion for explanation.
Type H <return> for immediate help.
...
! LaTeX Error: Unknown float option `H'.
See the LaTeX manual or LaTeX Companion for explanation.
Type H <return> for immediate help.
...
! LaTeX Error: Unknown float option `H'.
See the LaTeX manual or LaTeX Companion for explanation.
Type H <return> for immediate help.
...
! LaTeX Error: Unknown float option `H'.
See the LaTeX manual or LaTeX Companion for explanation.
Type H <return> for immediate help.
...
Calls: buildVignettes -> texi2pdf -> texi2dvi
Execution halted
Flavor: r-release-osx-x86_64-mavericks