CRAN Package Check Results for Package compactr

Last updated on 2017-02-24 23:52:19.

Flavor Version Tinstall Tcheck Ttotal Status Flags
r-devel-linux-x86_64-debian-clang 0.1 0.54 10.79 11.33 NOTE
r-devel-linux-x86_64-debian-gcc 0.1 0.58 10.57 11.15 NOTE
r-devel-linux-x86_64-fedora-clang 0.1 17.85 NOTE --no-stop-on-test-error
r-devel-linux-x86_64-fedora-gcc 0.1 17.13 NOTE --no-stop-on-test-error
r-devel-macos-x86_64-clang 0.1 17.06 NOTE --no-stop-on-test-error
r-devel-windows-ix86+x86_64 0.1 2.00 32.00 34.00 NOTE
r-patched-linux-x86_64 0.1 0.60 8.58 9.17 NOTE
r-patched-solaris-sparc 0.1 102.90 NOTE
r-patched-solaris-x86 0.1 22.30 NOTE
r-release-linux-x86_64 0.1 0.60 8.65 9.26 NOTE
r-release-osx-x86_64-mavericks 0.1 NOTE
r-release-windows-ix86+x86_64 0.1 2.00 24.00 26.00 NOTE
r-oldrel-windows-ix86+x86_64 0.1 2.00 21.00 23.00 OK

Check Details

Version: 0.1
Check: R code for possible problems
Result: NOTE
    addxaxis: no visible global function definition for ‘par’
    addxaxis: no visible global function definition for ‘axis’
    addxaxis: no visible global function definition for ‘mtext’
    eplot: no visible global function definition for ‘plot’
    eplot: no visible global function definition for ‘par’
    eplot: no visible global function definition for ‘axis’
    eplot: no visible global function definition for ‘mtext’
    Undefined global functions or variables:
     axis mtext par plot
    Consider adding
     importFrom("graphics", "axis", "mtext", "par", "plot")
    to your NAMESPACE file.
Flavors: r-devel-linux-x86_64-debian-clang, r-devel-linux-x86_64-debian-gcc, r-devel-windows-ix86+x86_64, r-patched-linux-x86_64, r-patched-solaris-sparc, r-patched-solaris-x86, r-release-linux-x86_64, r-release-osx-x86_64-mavericks, r-release-windows-ix86+x86_64

Version: 0.1
Flags: --no-stop-on-test-error
Check: R code for possible problems
Result: NOTE
    addxaxis: no visible global function definition for ‘par’
    addxaxis: no visible global function definition for ‘axis’
    addxaxis: no visible global function definition for ‘mtext’
    eplot: no visible global function definition for ‘plot’
    eplot: no visible global function definition for ‘par’
    eplot: no visible global function definition for ‘axis’
    eplot: no visible global function definition for ‘mtext’
    Undefined global functions or variables:
     axis mtext par plot
    Consider adding
     importFrom("graphics", "axis", "mtext", "par", "plot")
    to your NAMESPACE file.
Flavors: r-devel-linux-x86_64-fedora-clang, r-devel-linux-x86_64-fedora-gcc, r-devel-macos-x86_64-clang