CRAN Package Check Results for Package condformat

Last updated on 2017-02-24 23:52:19.

Flavor Version Tinstall Tcheck Ttotal Status Flags
r-devel-linux-x86_64-debian-clang 0.5.0 0.81 25.25 26.06 OK
r-devel-linux-x86_64-debian-gcc 0.5.0 0.89 24.92 25.81 OK
r-devel-linux-x86_64-fedora-clang 0.5.0 48.22 OK --no-stop-on-test-error
r-devel-linux-x86_64-fedora-gcc 0.5.0 46.40 OK --no-stop-on-test-error
r-devel-macos-x86_64-clang 0.5.0 40.83 OK --no-stop-on-test-error
r-devel-windows-ix86+x86_64 0.5.0 10.00 64.00 74.00 OK
r-patched-linux-x86_64 0.5.0 0.77 20.38 21.14 OK
r-patched-solaris-sparc 0.5.0 221.40 NOTE
r-patched-solaris-x86 0.5.0 51.30 OK
r-release-linux-x86_64 0.5.0 0.76 20.05 20.80 OK
r-release-osx-x86_64-mavericks 0.5.0 NOTE
r-release-windows-ix86+x86_64 0.5.0 4.00 72.00 76.00 OK
r-oldrel-windows-ix86+x86_64 0.5.0 6.00 57.00 63.00 OK

Check Details

Version: 0.5.0
Check: dependencies in R code
Result: NOTE
    Missing or unexported objects:
     ‘htmlTable::htmlTableWidget’ ‘htmlTable::htmlTableWidgetOutput’
     ‘htmlTable::renderHtmlTableWidget’
Flavors: r-patched-solaris-sparc, r-release-osx-x86_64-mavericks