Last updated on 2017-02-24 23:52:20.
Flavor | Version | Tinstall | Tcheck | Ttotal | Status | Flags |
---|---|---|---|---|---|---|
r-devel-linux-x86_64-debian-clang | 2.0.1 | 65.14 | 373.61 | 438.75 | NOTE | |
r-devel-linux-x86_64-debian-gcc | 2.0.1 | 66.95 | 348.28 | 415.24 | NOTE | |
r-devel-linux-x86_64-fedora-clang | 2.0.1 | 1421.04 | NOTE | --no-stop-on-test-error | ||
r-devel-linux-x86_64-fedora-gcc | 2.0.1 | 1280.63 | NOTE | --no-stop-on-test-error | ||
r-devel-macos-x86_64-clang | 2.0.1 | 721.91 | NOTE | --no-stop-on-test-error | ||
r-devel-windows-ix86+x86_64 | 2.0.1 | 314.00 | 685.00 | 999.00 | OK | |
r-patched-linux-x86_64 | 2.0.1 | 53.19 | 373.70 | 426.90 | OK | |
r-patched-solaris-sparc | 2.0.1 | 818.20 | OK | --no-vignettes | ||
r-patched-solaris-x86 | 2.0.1 | 1672.40 | OK | |||
r-release-linux-x86_64 | 2.0.1 | 53.81 | 379.55 | 433.37 | OK | |
r-release-osx-x86_64-mavericks | 2.0.1 | NOTE | ||||
r-release-windows-ix86+x86_64 | 2.0.1 | 241.00 | 563.00 | 804.00 | OK | |
r-oldrel-windows-ix86+x86_64 | 2.0.1 | 219.00 | 779.00 | 998.00 | OK |
Version: 2.0.1
Check: compiled code
Result: NOTE
File ‘crawl/libs/crawl.so’:
Found no calls to: ‘R_registerRoutines’, ‘R_useDynamicSymbols’
It is good practice to register native routines and to disable symbol
search.
See ‘Writing portable packages’ in the ‘Writing R Extensions’ manual.
Flavors: r-devel-linux-x86_64-debian-clang, r-devel-linux-x86_64-debian-gcc
Version: 2.0.1
Flags: --no-stop-on-test-error
Check: installed package size
Result: NOTE
installed size is 7.8Mb
sub-directories of 1Mb or more:
doc 2.2Mb
libs 4.8Mb
Flavors: r-devel-linux-x86_64-fedora-clang, r-devel-linux-x86_64-fedora-gcc
Version: 2.0.1
Flags: --no-stop-on-test-error
Check: compiled code
Result: NOTE
File ‘crawl/libs/crawl.so’:
Found no calls to: ‘R_registerRoutines’, ‘R_useDynamicSymbols’
It is good practice to register native routines and to disable symbol
search.
See ‘Writing portable packages’ in the ‘Writing R Extensions’ manual.
Flavors: r-devel-linux-x86_64-fedora-clang, r-devel-linux-x86_64-fedora-gcc, r-devel-macos-x86_64-clang
Version: 2.0.1
Check: installed package size
Result: NOTE
installed size is 7.0Mb
sub-directories of 1Mb or more:
doc 2.2Mb
libs 4.1Mb
Flavor: r-release-osx-x86_64-mavericks