Last updated on 2017-02-24 23:52:20.
Flavor | Version | Tinstall | Tcheck | Ttotal | Status | Flags |
---|---|---|---|---|---|---|
r-devel-linux-x86_64-debian-clang | 0.6 | 1.89 | 22.71 | 24.60 | OK | |
r-devel-linux-x86_64-debian-gcc | 0.6 | 1.79 | 22.73 | 24.52 | OK | |
r-devel-linux-x86_64-fedora-clang | 0.6 | 41.65 | NOTE | --no-stop-on-test-error | ||
r-devel-linux-x86_64-fedora-gcc | 0.6 | 39.14 | NOTE | --no-stop-on-test-error | ||
r-devel-macos-x86_64-clang | 0.6 | 34.68 | NOTE | --no-stop-on-test-error | ||
r-devel-windows-ix86+x86_64 | 0.6 | 15.00 | 72.00 | 87.00 | NOTE | |
r-patched-linux-x86_64 | 0.6 | 1.64 | 19.24 | 20.89 | OK | |
r-patched-solaris-sparc | 0.6 | 225.60 | NOTE | |||
r-patched-solaris-x86 | 0.6 | 52.50 | NOTE | |||
r-release-linux-x86_64 | 0.6 | 1.58 | 19.57 | 21.15 | OK | |
r-release-osx-x86_64-mavericks | 0.6 | NOTE | ||||
r-release-windows-ix86+x86_64 | 0.6 | 9.00 | 69.00 | 78.00 | NOTE | |
r-oldrel-windows-ix86+x86_64 | 0.6 | 15.00 | 66.00 | 81.00 | NOTE |
Version: 0.6
Flags: --no-stop-on-test-error
Check: installed package size
Result: NOTE
installed size is 7.9Mb
sub-directories of 1Mb or more:
shp 7.8Mb
Flavors: r-devel-linux-x86_64-fedora-clang, r-devel-linux-x86_64-fedora-gcc, r-devel-macos-x86_64-clang
Version: 0.6
Check: installed package size
Result: NOTE
installed size is 7.8Mb
sub-directories of 1Mb or more:
shp 7.8Mb
Flavors: r-devel-windows-ix86+x86_64, r-patched-solaris-sparc, r-patched-solaris-x86, r-release-osx-x86_64-mavericks, r-release-windows-ix86+x86_64, r-oldrel-windows-ix86+x86_64