CRAN Package Check Results for Package cusp

Last updated on 2017-02-24 23:52:21.

Flavor Version Tinstall Tcheck Ttotal Status Flags
r-devel-linux-x86_64-debian-clang 2.3.3 1.38 61.02 62.41 NOTE
r-devel-linux-x86_64-debian-gcc 2.3.3 1.40 61.68 63.07 NOTE
r-devel-linux-x86_64-fedora-clang 2.3.3 170.93 NOTE --no-stop-on-test-error
r-devel-linux-x86_64-fedora-gcc 2.3.3 167.83 NOTE --no-stop-on-test-error
r-devel-macos-x86_64-clang 2.3.3 74.63 NOTE --no-stop-on-test-error
r-devel-windows-ix86+x86_64 2.3.3 17.00 180.00 197.00 OK
r-patched-linux-x86_64 2.3.3 1.22 58.19 59.40 OK
r-patched-solaris-sparc 2.3.3 797.60 OK
r-patched-solaris-x86 2.3.3 115.00 OK
r-release-linux-x86_64 2.3.3 1.19 58.13 59.32 OK
r-release-osx-x86_64-mavericks 2.3.3 OK
r-release-windows-ix86+x86_64 2.3.3 10.00 172.00 182.00 OK
r-oldrel-windows-ix86+x86_64 2.3.3 18.00 283.00 301.00 OK

Check Details

Version: 2.3.3
Check: compiled code
Result: NOTE
    File ‘cusp/libs/cusp.so’:
     Found no calls to: ‘R_registerRoutines’, ‘R_useDynamicSymbols’
    
    It is good practice to register native routines and to disable symbol
    search.
    
    See ‘Writing portable packages’ in the ‘Writing R Extensions’ manual.
Flavors: r-devel-linux-x86_64-debian-clang, r-devel-linux-x86_64-debian-gcc

Version: 2.3.3
Flags: --no-stop-on-test-error
Check: compiled code
Result: NOTE
    File ‘cusp/libs/cusp.so’:
     Found no calls to: ‘R_registerRoutines’, ‘R_useDynamicSymbols’
    
    It is good practice to register native routines and to disable symbol
    search.
    
    See ‘Writing portable packages’ in the ‘Writing R Extensions’ manual.
Flavors: r-devel-linux-x86_64-fedora-clang, r-devel-linux-x86_64-fedora-gcc, r-devel-macos-x86_64-clang