Last updated on 2017-02-24 23:52:21.
Flavor | Version | Tinstall | Tcheck | Ttotal | Status | Flags |
---|---|---|---|---|---|---|
r-devel-linux-x86_64-debian-clang | 0.1.0 | 5.84 | 30.26 | 36.10 | OK | |
r-devel-linux-x86_64-debian-gcc | 0.1.0 | 3.99 | 30.00 | 34.00 | OK | |
r-devel-linux-x86_64-fedora-clang | 0.1.0 | 64.79 | OK | --no-stop-on-test-error | ||
r-devel-linux-x86_64-fedora-gcc | 0.1.0 | 61.90 | OK | --no-stop-on-test-error | ||
r-devel-macos-x86_64-clang | 0.1.0 | 51.92 | OK | --no-stop-on-test-error | ||
r-devel-windows-ix86+x86_64 | 0.1.0 | 17.00 | 82.00 | 99.00 | OK | |
r-patched-linux-x86_64 | 0.1.0 | 4.20 | 25.94 | 30.14 | OK | |
r-patched-solaris-sparc | 0.1.0 | 338.00 | NOTE | |||
r-patched-solaris-x86 | 0.1.0 | 69.50 | NOTE | |||
r-release-linux-x86_64 | 0.1.0 | 4.14 | 25.78 | 29.92 | OK | |
r-release-osx-x86_64-mavericks | 0.1.0 | OK | ||||
r-release-windows-ix86+x86_64 | 0.1.0 | 15.00 | 82.00 | 97.00 | OK | |
r-oldrel-windows-ix86+x86_64 | 0.1.0 | 16.00 | 108.00 | 124.00 | OK |
Version: 0.1.0
Check: package dependencies
Result: NOTE
Package suggested but not available for checking: ‘microbenchmark’
Flavors: r-patched-solaris-sparc, r-patched-solaris-x86