Last updated on 2017-02-24 23:52:22.
Flavor | Version | Tinstall | Tcheck | Ttotal | Status | Flags |
---|---|---|---|---|---|---|
r-devel-linux-x86_64-debian-clang | 1.1.3 | 1.16 | 17.83 | 18.99 | NOTE | |
r-devel-linux-x86_64-debian-gcc | 1.1.3 | 1.15 | 19.06 | 20.21 | NOTE | |
r-devel-linux-x86_64-fedora-clang | 1.1.3 | 33.35 | NOTE | --no-stop-on-test-error | ||
r-devel-linux-x86_64-fedora-gcc | 1.1.3 | 29.86 | NOTE | --no-stop-on-test-error | ||
r-devel-macos-x86_64-clang | 1.1.3 | 28.18 | NOTE | --no-stop-on-test-error | ||
r-devel-windows-ix86+x86_64 | 1.1.3 | 16.00 | 55.00 | 71.00 | OK | |
r-patched-linux-x86_64 | 1.1.3 | 0.98 | 14.58 | 15.56 | OK | |
r-patched-solaris-sparc | 1.1.3 | 176.90 | OK | |||
r-patched-solaris-x86 | 1.1.3 | 34.70 | OK | |||
r-release-linux-x86_64 | 1.1.3 | 1.06 | 15.30 | 16.35 | OK | |
r-release-osx-x86_64-mavericks | 1.1.3 | OK | ||||
r-release-windows-ix86+x86_64 | 1.1.3 | 8.00 | 35.00 | 43.00 | OK | |
r-oldrel-windows-ix86+x86_64 | 1.1.3 | 16.00 | 75.00 | 91.00 | OK |
Version: 1.1.3
Check: compiled code
Result: NOTE
File ‘descr/libs/descr.so’:
Found no calls to: ‘R_registerRoutines’, ‘R_useDynamicSymbols’
It is good practice to register native routines and to disable symbol
search.
See ‘Writing portable packages’ in the ‘Writing R Extensions’ manual.
Flavors: r-devel-linux-x86_64-debian-clang, r-devel-linux-x86_64-debian-gcc
Version: 1.1.3
Flags: --no-stop-on-test-error
Check: compiled code
Result: NOTE
File ‘descr/libs/descr.so’:
Found no calls to: ‘R_registerRoutines’, ‘R_useDynamicSymbols’
It is good practice to register native routines and to disable symbol
search.
See ‘Writing portable packages’ in the ‘Writing R Extensions’ manual.
Flavors: r-devel-linux-x86_64-fedora-clang, r-devel-linux-x86_64-fedora-gcc, r-devel-macos-x86_64-clang