CRAN Package Check Results for Package dfexplore

Last updated on 2017-02-24 23:52:22.

Flavor Version Tinstall Tcheck Ttotal Status Flags
r-devel-linux-x86_64-debian-clang 0.2.1 1.19 24.60 25.79 NOTE
r-devel-linux-x86_64-debian-gcc 0.2.1 1.46 25.40 26.85 NOTE
r-devel-linux-x86_64-fedora-clang 0.2.1 50.38 NOTE --no-stop-on-test-error
r-devel-linux-x86_64-fedora-gcc 0.2.1 46.16 NOTE --no-stop-on-test-error
r-devel-macos-x86_64-clang 0.2.1 40.00 NOTE --no-stop-on-test-error
r-devel-windows-ix86+x86_64 0.2.1 14.00 70.00 84.00 NOTE
r-patched-linux-x86_64 0.2.1 1.18 19.51 20.68 NOTE
r-patched-solaris-sparc 0.2.1 242.70 NOTE
r-patched-solaris-x86 0.2.1 53.20 NOTE
r-release-linux-x86_64 0.2.1 1.15 19.68 20.83 NOTE
r-release-osx-x86_64-mavericks 0.2.1 NOTE
r-release-windows-ix86+x86_64 0.2.1 7.00 43.00 50.00 NOTE
r-oldrel-windows-ix86+x86_64 0.2.1 7.00 57.00 64.00 OK

Check Details

Version: 0.2.1
Check: R code for possible problems
Result: NOTE
    simulate_dataframe : generate_dumb_answer: no visible global function
     definition for ‘rbinom’
    simulate_dataframe : generate_dumb_answer: no visible global function
     definition for ‘rnorm’
    simulate_dataframe : generate_initial: no visible global function
     definition for ‘rbinom’
    simulate_dataframe: no visible binding for global variable ‘randu’
    simulate_dataframe: no visible global function definition for ‘rbinom’
    simulate_dataframe: no visible global function definition for ‘rnorm’
    simulate_dataframe: no visible global function definition for ‘rpois’
    simulate_dataframe : add_NAs: no visible global function definition for
     ‘rbinom’
    Undefined global functions or variables:
     randu rbinom rnorm rpois
    Consider adding
     importFrom("datasets", "randu")
     importFrom("stats", "rbinom", "rnorm", "rpois")
    to your NAMESPACE file.
Flavors: r-devel-linux-x86_64-debian-clang, r-devel-linux-x86_64-debian-gcc, r-devel-windows-ix86+x86_64, r-patched-linux-x86_64, r-patched-solaris-sparc, r-patched-solaris-x86, r-release-linux-x86_64, r-release-osx-x86_64-mavericks, r-release-windows-ix86+x86_64

Version: 0.2.1
Flags: --no-stop-on-test-error
Check: R code for possible problems
Result: NOTE
    simulate_dataframe : generate_dumb_answer: no visible global function
     definition for ‘rbinom’
    simulate_dataframe : generate_dumb_answer: no visible global function
     definition for ‘rnorm’
    simulate_dataframe : generate_initial: no visible global function
     definition for ‘rbinom’
    simulate_dataframe: no visible binding for global variable ‘randu’
    simulate_dataframe: no visible global function definition for ‘rbinom’
    simulate_dataframe: no visible global function definition for ‘rnorm’
    simulate_dataframe: no visible global function definition for ‘rpois’
    simulate_dataframe : add_NAs: no visible global function definition for
     ‘rbinom’
    Undefined global functions or variables:
     randu rbinom rnorm rpois
    Consider adding
     importFrom("datasets", "randu")
     importFrom("stats", "rbinom", "rnorm", "rpois")
    to your NAMESPACE file.
Flavors: r-devel-linux-x86_64-fedora-clang, r-devel-linux-x86_64-fedora-gcc, r-devel-macos-x86_64-clang