Last updated on 2017-02-24 23:52:22.
Flavor | Version | Tinstall | Tcheck | Ttotal | Status | Flags |
---|---|---|---|---|---|---|
r-devel-linux-x86_64-debian-clang | 0.1.14 | 14.21 | 50.95 | 65.16 | NOTE | |
r-devel-linux-x86_64-debian-gcc | 0.1.14 | 13.39 | 49.03 | 62.42 | NOTE | |
r-devel-linux-x86_64-fedora-clang | 0.1.14 | 132.53 | NOTE | --no-stop-on-test-error | ||
r-devel-linux-x86_64-fedora-gcc | 0.1.14 | 116.03 | NOTE | --no-stop-on-test-error | ||
r-devel-macos-x86_64-clang | 0.1.14 | 96.96 | NOTE | --no-stop-on-test-error | ||
r-devel-windows-ix86+x86_64 | 0.1.14 | 61.00 | 157.00 | 218.00 | OK | |
r-patched-linux-x86_64 | 0.1.14 | 11.41 | 44.57 | 55.98 | OK | |
r-patched-solaris-sparc | 0.1.14 | 2359.10 | OK | |||
r-patched-solaris-x86 | 0.1.14 | 209.50 | OK | |||
r-release-linux-x86_64 | 0.1.14 | 11.79 | 44.79 | 56.58 | OK | |
r-release-osx-x86_64-mavericks | 0.1.14 | OK | ||||
r-release-windows-ix86+x86_64 | 0.1.14 | 68.00 | 200.00 | 268.00 | OK | |
r-oldrel-windows-ix86+x86_64 | 0.1.14 | 61.00 | 249.00 | 310.00 | OK |
Version: 0.1.14
Check: compiled code
Result: NOTE
File ‘diffrprojects/libs/diffrprojects.so’:
Found no calls to: ‘R_registerRoutines’, ‘R_useDynamicSymbols’
It is good practice to register native routines and to disable symbol
search.
See ‘Writing portable packages’ in the ‘Writing R Extensions’ manual.
Flavors: r-devel-linux-x86_64-debian-clang, r-devel-linux-x86_64-debian-gcc
Version: 0.1.14
Flags: --no-stop-on-test-error
Check: compiled code
Result: NOTE
File ‘diffrprojects/libs/diffrprojects.so’:
Found no calls to: ‘R_registerRoutines’, ‘R_useDynamicSymbols’
It is good practice to register native routines and to disable symbol
search.
See ‘Writing portable packages’ in the ‘Writing R Extensions’ manual.
Flavors: r-devel-linux-x86_64-fedora-clang, r-devel-linux-x86_64-fedora-gcc, r-devel-macos-x86_64-clang