CRAN Package Check Results for Package diffusr

Last updated on 2017-02-24 23:52:22.

Flavor Version Tinstall Tcheck Ttotal Status Flags
r-devel-linux-x86_64-debian-clang 0.1.0 39.28 18.48 57.76 NOTE
r-devel-linux-x86_64-debian-gcc 0.1.0 39.25 17.60 56.84 NOTE
r-devel-linux-x86_64-fedora-clang 0.1.0 114.45 NOTE --no-stop-on-test-error
r-devel-linux-x86_64-fedora-gcc 0.1.0 105.06 NOTE --no-stop-on-test-error
r-devel-macos-x86_64-clang 0.1.0 77.85 NOTE --no-stop-on-test-error
r-devel-windows-ix86+x86_64 0.1.0 204.00 60.00 264.00 OK
r-patched-linux-x86_64 0.1.0 32.10 14.83 46.93 OK
r-patched-solaris-sparc 0.1.0 438.10 OK
r-patched-solaris-x86 0.1.0 96.30 OK
r-release-linux-x86_64 0.1.0 31.28 14.75 46.04 OK
r-release-osx-x86_64-mavericks 0.1.0 NOTE
r-release-windows-ix86+x86_64 0.1.0 149.00 67.00 216.00 OK
r-oldrel-windows-ix86+x86_64 0.1.0 126.00 102.00 228.00 OK

Memtest notes: clang-ASAN

Check Details

Version: 0.1.0
Check: compiled code
Result: NOTE
    File ‘diffusr/libs/diffusr.so’:
     Found no calls to: ‘R_registerRoutines’, ‘R_useDynamicSymbols’
    
    It is good practice to register native routines and to disable symbol
    search.
    
    See ‘Writing portable packages’ in the ‘Writing R Extensions’ manual.
Flavors: r-devel-linux-x86_64-debian-clang, r-devel-linux-x86_64-debian-gcc

Version: 0.1.0
Flags: --no-stop-on-test-error
Check: installed package size
Result: NOTE
     installed size is 11.1Mb
     sub-directories of 1Mb or more:
     libs 10.7Mb
Flavors: r-devel-linux-x86_64-fedora-clang, r-devel-linux-x86_64-fedora-gcc

Version: 0.1.0
Flags: --no-stop-on-test-error
Check: compiled code
Result: NOTE
    File ‘diffusr/libs/diffusr.so’:
     Found no calls to: ‘R_registerRoutines’, ‘R_useDynamicSymbols’
    
    It is good practice to register native routines and to disable symbol
    search.
    
    See ‘Writing portable packages’ in the ‘Writing R Extensions’ manual.
Flavors: r-devel-linux-x86_64-fedora-clang, r-devel-linux-x86_64-fedora-gcc, r-devel-macos-x86_64-clang

Version: 0.1.0
Check: installed package size
Result: NOTE
     installed size is 11.2Mb
     sub-directories of 1Mb or more:
     libs 10.9Mb
Flavor: r-release-osx-x86_64-mavericks