Last updated on 2017-02-24 23:52:22.
Flavor | Version | Tinstall | Tcheck | Ttotal | Status | Flags |
---|---|---|---|---|---|---|
r-devel-linux-x86_64-debian-clang | 1.4.2 | 4.17 | 324.05 | 328.22 | OK | |
r-devel-linux-x86_64-debian-gcc | 1.4.2 | 3.99 | 319.83 | 323.82 | OK | |
r-devel-linux-x86_64-fedora-clang | 1.4.2 | 378.33 | OK | --no-stop-on-test-error | ||
r-devel-linux-x86_64-fedora-gcc | 1.4.2 | 639.78 | OK | --no-stop-on-test-error | ||
r-devel-macos-x86_64-clang | 1.4.2 | 289.68 | OK | --no-stop-on-test-error | ||
r-devel-windows-ix86+x86_64 | 1.4.2 | 28.00 | 738.00 | 766.00 | OK | |
r-patched-linux-x86_64 | 1.4.1 | 4.36 | 108.94 | 113.30 | OK | |
r-patched-solaris-sparc | 1.4.2 | 3980.90 | OK | |||
r-patched-solaris-x86 | 1.4.2 | 695.10 | OK | |||
r-release-linux-x86_64 | 1.4.2 | 4.28 | 327.60 | 331.88 | OK | |
r-release-osx-x86_64-mavericks | 1.4.1 | NOTE | ||||
r-release-windows-ix86+x86_64 | 1.4.2 | 17.00 | 687.00 | 704.00 | OK | |
r-oldrel-windows-ix86+x86_64 | 1.4.2 | 24.00 | 790.00 | 814.00 | OK |
Version: 1.4.1
Check: dependencies in R code
Result: NOTE
Invalid MIT-MAGIC-COOKIE-1 key
Flavor: r-release-osx-x86_64-mavericks