CRAN Package Check Results for Package dualScale

Last updated on 2017-02-24 23:52:23.

Flavor Version Tinstall Tcheck Ttotal Status Flags
r-devel-linux-x86_64-debian-clang 0.9.1 2.76 37.35 40.11 NOTE
r-devel-linux-x86_64-debian-gcc 0.9.1 2.67 37.41 40.08 NOTE
r-devel-linux-x86_64-fedora-clang 0.9.1 88.10 NOTE --no-stop-on-test-error
r-devel-linux-x86_64-fedora-gcc 0.9.1 86.23 NOTE --no-stop-on-test-error
r-devel-macos-x86_64-clang 0.9.1 68.01 NOTE --no-stop-on-test-error
r-devel-windows-ix86+x86_64 0.9.1 17.00 97.00 114.00 NOTE
r-patched-linux-x86_64 0.9.1 2.46 34.15 36.61 NOTE
r-patched-solaris-sparc 0.9.1 460.90 NOTE
r-patched-solaris-x86 0.9.1 104.20 NOTE
r-release-linux-x86_64 0.9.1 2.78 33.44 36.21 NOTE
r-release-osx-x86_64-mavericks 0.9.1 NOTE
r-release-windows-ix86+x86_64 0.9.1 10.00 86.00 96.00 NOTE
r-oldrel-windows-ix86+x86_64 0.9.1 11.00 137.00 148.00 NOTE

Check Details

Version: 0.9.1
Check: DESCRIPTION meta-information
Result: NOTE
    Malformed Description field: should contain one or more complete sentences.
Flavors: r-devel-linux-x86_64-debian-clang, r-devel-linux-x86_64-debian-gcc, r-devel-windows-ix86+x86_64, r-patched-linux-x86_64, r-patched-solaris-sparc, r-patched-solaris-x86, r-release-linux-x86_64, r-release-osx-x86_64-mavericks, r-release-windows-ix86+x86_64, r-oldrel-windows-ix86+x86_64

Version: 0.9.1
Check: S3 generic/method consistency
Result: NOTE
    Found the following apparent S3 methods exported but not registered:
     plot.ds print.ds summary.ds
    See section ‘Registering S3 methods’ in the ‘Writing R Extensions’
    manual.
Flavors: r-devel-linux-x86_64-debian-clang, r-devel-linux-x86_64-debian-gcc, r-patched-linux-x86_64, r-patched-solaris-sparc, r-patched-solaris-x86, r-release-linux-x86_64

Version: 0.9.1
Check: R code for possible problems
Result: NOTE
    dsCHECK: no visible global function definition for ‘na.omit’
    dsFC: no visible global function definition for ‘cor’
    dsMC: no visible global function definition for ‘cor’
    plot.ds: no visible global function definition for ‘plot’
    plot.ds: no visible global function definition for ‘par’
    plot.ds: no visible global function definition for ‘points’
    plot.ds: no visible global function definition for ‘text’
    Undefined global functions or variables:
     cor na.omit par plot points text
    Consider adding
     importFrom("graphics", "par", "plot", "points", "text")
     importFrom("stats", "cor", "na.omit")
    to your NAMESPACE file.
Flavors: r-devel-linux-x86_64-debian-clang, r-devel-linux-x86_64-debian-gcc, r-devel-windows-ix86+x86_64, r-patched-linux-x86_64, r-patched-solaris-sparc, r-patched-solaris-x86, r-release-linux-x86_64, r-release-osx-x86_64-mavericks, r-release-windows-ix86+x86_64

Version: 0.9.1
Flags: --no-stop-on-test-error
Check: DESCRIPTION meta-information
Result: NOTE
    Malformed Description field: should contain one or more complete sentences.
Flavors: r-devel-linux-x86_64-fedora-clang, r-devel-linux-x86_64-fedora-gcc, r-devel-macos-x86_64-clang

Version: 0.9.1
Flags: --no-stop-on-test-error
Check: S3 generic/method consistency
Result: NOTE
    Found the following apparent S3 methods exported but not registered:
     plot.ds print.ds summary.ds
    See section ‘Registering S3 methods’ in the ‘Writing R Extensions’
    manual.
Flavors: r-devel-linux-x86_64-fedora-clang, r-devel-linux-x86_64-fedora-gcc, r-devel-macos-x86_64-clang

Version: 0.9.1
Flags: --no-stop-on-test-error
Check: R code for possible problems
Result: NOTE
    dsCHECK: no visible global function definition for ‘na.omit’
    dsFC: no visible global function definition for ‘cor’
    dsMC: no visible global function definition for ‘cor’
    plot.ds: no visible global function definition for ‘plot’
    plot.ds: no visible global function definition for ‘par’
    plot.ds: no visible global function definition for ‘points’
    plot.ds: no visible global function definition for ‘text’
    Undefined global functions or variables:
     cor na.omit par plot points text
    Consider adding
     importFrom("graphics", "par", "plot", "points", "text")
     importFrom("stats", "cor", "na.omit")
    to your NAMESPACE file.
Flavors: r-devel-linux-x86_64-fedora-clang, r-devel-linux-x86_64-fedora-gcc, r-devel-macos-x86_64-clang